{"id":305304,"date":"2024-07-05T14:17:28","date_gmt":"2024-07-05T17:17:28","guid":{"rendered":"https:\/\/www.livrariarema.com.br\/loja\/produtos\/sem%20categoria\/superando-a-dor-no-luto-marcos-kopeska-e-guilherme-falcao\/"},"modified":"2024-10-30T08:08:14","modified_gmt":"2024-10-30T11:08:14","slug":"superando-a-dor-no-luto-marcos-kopeska-e-guilherme-falcao","status":"publish","type":"product","link":"https:\/\/www.livrariarema.com.br\/loja\/produtos\/livros\/cura-libertacao\/superando-a-dor-no-luto-marcos-kopeska-e-guilherme-falcao\/","title":{"rendered":"Superando A Dor No Luto &#8211; Marcos Kopeska E Guilherme Falc\u00e3o"},"content":{"rendered":"<p>VOC\u00ca N\u00c3O PRECISA PASSAR PELO LUTO SOZINHO!<\/p>\n<p>O luto \u00e9 uma tempestade silenciosa que todos enfrentaremos em algum momento. Palavras de consolo, ainda que sinceras, muitas vezes podem soar vazias frente \u00e0 realidade avassaladora da perda: &#8220;Era uma pessoa boa e far\u00e1 falta&#8221;, dizem. Mas essas tentativas de consolo n\u00e3o alcan\u00e7am o n\u00facleo do nosso sofrimento, pois h\u00e1 mais no processo de luto do que a aceita\u00e7\u00e3o resignada de um destino comum a todos.<\/p>\n<p>Neste livro, voc\u00ea encontrar\u00e1 uma abordagem abrangente e profunda sobre o luto, que vai al\u00e9m do comum, oferecendo uma perspectiva emp\u00e1tica sobre as perdas atrav\u00e9s dos ensinamentos da f\u00e9 crist\u00e3 e da Logoterapia.<br \/>\nEste livro ajudar\u00e1 a:<br \/>\n&#8211; Entender as diferen\u00e7as entre perdas (s\u00fabita, paulatina, aborto e muito mais).<br \/>\n&#8211; Reconhecer e respeitar as fases do luto e suas complexidades individuais.<br \/>\n&#8211; Identificar as rea\u00e7\u00f5es comuns durante o luto e como lidar com elas.<br \/>\n&#8211; Restaurar o sentido da vida ap\u00f3s uma perda significativa.<br \/>\n&#8211; Compreender que, para o crist\u00e3o, a morte n\u00e3o \u00e9 a separa\u00e7\u00e3o eterna.<\/p>\n<p>Esta obra \u00e9 um convite para transformar a sua experi\u00eancia de luto em uma jornada de cura e supera\u00e7\u00e3o. Se voc\u00ea ou algu\u00e9m pr\u00f3ximo est\u00e1 lutando contra as sombras da perda, permita que este livro seja uma luz em sua vida!<\/p>\n<p>&#8220;Superando a dor no luto&#8221; \u00e9 o segundo livro da s\u00e9rie &#8220;Esperan\u00e7a em Tempos de Crise&#8221;.<\/p>\n","protected":false},"excerpt":{"rendered":"<p>VOC\u00ca N\u00c3O PRECISA PASSAR PELO LUTO SOZINHO! O luto \u00e9 uma tempestade silenciosa que todos enfrentaremos em algum momento. Palavras&hellip;<\/p>\n","protected":false},"featured_media":319615,"comment_status":"open","ping_status":"closed","template":"","meta":[],"product_cat":[157,134],"product_tag":[],"_links":{"self":[{"href":"https:\/\/www.livrariarema.com.br\/loja\/wp-json\/wp\/v2\/product\/305304"}],"collection":[{"href":"https:\/\/www.livrariarema.com.br\/loja\/wp-json\/wp\/v2\/product"}],"about":[{"href":"https:\/\/www.livrariarema.com.br\/loja\/wp-json\/wp\/v2\/types\/product"}],"replies":[{"embeddable":true,"href":"https:\/\/www.livrariarema.com.br\/loja\/wp-json\/wp\/v2\/comments?post=305304"}],"wp:featuredmedia":[{"embeddable":true,"href":"https:\/\/www.livrariarema.com.br\/loja\/wp-json\/wp\/v2\/media\/319615"}],"wp:attachment":[{"href":"https:\/\/www.livrariarema.com.br\/loja\/wp-json\/wp\/v2\/media?parent=305304"}],"wp:term":[{"taxonomy":"product_cat","embeddable":true,"href":"https:\/\/www.livrariarema.com.br\/loja\/wp-json\/wp\/v2\/product_cat?post=305304"},{"taxonomy":"product_tag","embeddable":true,"href":"https:\/\/www.livrariarema.com.br\/loja\/wp-json\/wp\/v2\/product_tag?post=305304"}],"curies":[{"name":"wp","href":"https:\/\/api.w.org\/{rel}","templated":true}]}}