{"id":305323,"date":"2024-07-05T14:18:57","date_gmt":"2024-07-05T17:18:57","guid":{"rendered":"https:\/\/www.livrariarema.com.br\/loja\/produtos\/sem%20categoria\/comentario-esperanca-at-levitico-gerhard-maier\/"},"modified":"2024-10-30T08:09:59","modified_gmt":"2024-10-30T11:09:59","slug":"comentario-esperanca-at-levitico-gerhard-maier","status":"publish","type":"product","link":"https:\/\/www.livrariarema.com.br\/loja\/produtos\/livros\/comentario-biblico\/comentario-esperanca-at-levitico-gerhard-maier\/","title":{"rendered":"Coment\u00e1rio Esperan\u00e7a &#8211; At &#8211; Lev\u00edtico &#8211; Gerhard Maier"},"content":{"rendered":"<p>COMENT\u00c1RIO ESPERAN\u00c7A DO ANTIGO TESTAMENTO &#8211; LEV\u00cdTICO &#8211; TRADUZIDO DO IDIOMA ALEM\u00c3O.<\/p>\n<p>Gerhard Maier, nascido em 1937 em Ulm, Alemanha, \u00e9 um te\u00f3logo protestante alem\u00e3o de car\u00e1ter pietista e advogado. De 1980 a 1995 foi reitor da Casa Albrecht Bengel e de 2001 a 2005, bispo da Igreja Evang\u00e9lica de W\u00fcrttemberg. <\/p>\n<p>Ele leciona como professor visitante na Universidade Teol\u00f3gica Independente de Basileia, na Su\u00ed\u00e7a, e na Faculdade de Teologia Protestante em Heverlee\/L\u00f6wen, B\u00e9lgica.<\/p>\n<p>A cole\u00e7\u00e3o da &#8220;Wuppertaler Studienbibel&#8221; \u00e9 uma s\u00e9rie voltada para a igreja que l\u00ea a B\u00edblia. Ela parte do princ\u00edpio de que a B\u00edblia \u00e9 a Palavra de Deus, anotada e transmitida por pessoas. Ou seja: seus coment\u00e1rios precisam fazer justi\u00e7a a esse car\u00e1ter duplo da Escritura Sagrada. <br \/>\nUma interpreta\u00e7\u00e3o adequada olha para tr\u00e1s, pesquisando a Hist\u00f3ria e mantem-se aberta ao fato de que Deus trabalha na e por meio da Palavra na vida do leitor e ouvinte. Mas todo o trabalho hist\u00f3rico e teol\u00f3gico com o texto n\u00e3o passa de obra &#8220;preparat\u00f3ria&#8221;. A real obra \u00e9 feita pelo pr\u00f3prio Deus. Por isso, uma coisa n\u00e3o pode faltar durante todo o trabalho de interpreta\u00e7\u00e3o: a ora\u00e7\u00e3o. Ora\u00e7\u00e3o durante a leitura, a interpreta\u00e7\u00e3o e a verifica\u00e7\u00e3o da interpreta\u00e7\u00e3o \u00e0 luz da pr\u00f3pria Escritura. Quando isso acontece, escancara-se a porta aos novos conhecimentos e compreens\u00f5es da revela\u00e7\u00e3o divina e da vontade de Deus.<br \/>\nA edi\u00e7\u00e3o em portugu\u00eas dos Coment\u00e1rios Esperan\u00e7a &#8211; Antigo Testamento primou pela qualidade na tradu\u00e7\u00e3o e revis\u00e3o, para apresentar um trabalho primoroso e edificante aos leitores.<br \/>\nGerhard Maier<\/p>\n","protected":false},"excerpt":{"rendered":"<p>COMENT\u00c1RIO ESPERAN\u00c7A DO ANTIGO TESTAMENTO &#8211; LEV\u00cdTICO &#8211; TRADUZIDO DO IDIOMA ALEM\u00c3O. Gerhard Maier, nascido em 1937 em Ulm, Alemanha,&hellip;<\/p>\n","protected":false},"featured_media":313773,"comment_status":"open","ping_status":"closed","template":"","meta":[],"product_cat":[164,134],"product_tag":[],"_links":{"self":[{"href":"https:\/\/www.livrariarema.com.br\/loja\/wp-json\/wp\/v2\/product\/305323"}],"collection":[{"href":"https:\/\/www.livrariarema.com.br\/loja\/wp-json\/wp\/v2\/product"}],"about":[{"href":"https:\/\/www.livrariarema.com.br\/loja\/wp-json\/wp\/v2\/types\/product"}],"replies":[{"embeddable":true,"href":"https:\/\/www.livrariarema.com.br\/loja\/wp-json\/wp\/v2\/comments?post=305323"}],"wp:featuredmedia":[{"embeddable":true,"href":"https:\/\/www.livrariarema.com.br\/loja\/wp-json\/wp\/v2\/media\/313773"}],"wp:attachment":[{"href":"https:\/\/www.livrariarema.com.br\/loja\/wp-json\/wp\/v2\/media?parent=305323"}],"wp:term":[{"taxonomy":"product_cat","embeddable":true,"href":"https:\/\/www.livrariarema.com.br\/loja\/wp-json\/wp\/v2\/product_cat?post=305323"},{"taxonomy":"product_tag","embeddable":true,"href":"https:\/\/www.livrariarema.com.br\/loja\/wp-json\/wp\/v2\/product_tag?post=305323"}],"curies":[{"name":"wp","href":"https:\/\/api.w.org\/{rel}","templated":true}]}}

Comentário Esperança &#8211; At &#8211; Levítico &#8211; Gerhard Maier

<p>COMENTÁRIO ESPERANÇA DO ANTIGO TESTAMENTO &#8211; LEVÍTICO &#8211; TRADUZIDO DO IDIOMA ALEMÃO.</p>
<p>Gerhard Maier, nascido em 1937 em Ulm, Alemanha, é um teólogo protestante alemão de caráter pietista e advogado. De 1980 a 1995 foi reitor da Casa Albrecht Bengel e de 2001 a 2005, bispo da Igreja Evangélica de Württemberg. </p>
<p>Ele leciona como professor visitante na Universidade Teológica Independente de Basileia, na Suíça, e na Faculdade de Teologia Protestante em Heverlee/Löwen, Bélgica.</p>
<p>A coleção da &#8220;Wuppertaler Studienbibel&#8221; é uma série voltada para a igreja que lê a Bíblia. Ela parte do princípio de que a Bíblia é a Palavra de Deus, anotada e transmitida por pessoas. Ou seja: seus comentários precisam fazer justiça a esse caráter duplo da Escritura Sagrada. <br />
Uma interpretação adequada olha para trás, pesquisando a História e mantem-se aberta ao fato de que Deus trabalha na e por meio da Palavra na vida do leitor e ouvinte. Mas todo o trabalho histórico e teológico com o texto não passa de obra &#8220;preparatória&#8221;. A real obra é feita pelo próprio Deus. Por isso, uma coisa não pode faltar durante todo o trabalho de interpretação: a oração. Oração durante a leitura, a interpretação e a verificação da interpretação à luz da própria Escritura. Quando isso acontece, escancara-se a porta aos novos conhecimentos e compreensões da revelação divina e da vontade de Deus.<br />
A edição em português dos Comentários Esperança &#8211; Antigo Testamento primou pela qualidade na tradução e revisão, para apresentar um trabalho primoroso e edificante aos leitores.<br />
Gerhard Maier</p>

<p>COMENTÁRIO ESPERANÇA DO ANTIGO TESTAMENTO &#8211; LEVÍTICO &#8211; TRADUZIDO DO IDIOMA ALEMÃO. Gerhard Maier, nascido em 1937 em Ulm, Alemanha,&hellip;</p>
