{"id":305325,"date":"2024-07-05T14:19:04","date_gmt":"2024-07-05T17:19:04","guid":{"rendered":"https:\/\/www.livrariarema.com.br\/loja\/produtos\/sem%20categoria\/sermao-do-monte-o-johannes-bergmann\/"},"modified":"2024-10-30T08:10:13","modified_gmt":"2024-10-30T11:10:13","slug":"sermao-do-monte-o-johannes-bergmann","status":"publish","type":"product","link":"https:\/\/www.livrariarema.com.br\/loja\/produtos\/livros\/estudo-biblico\/sermao-do-monte-o-johannes-bergmann\/","title":{"rendered":"Serm\u00e3o Do Monte, O &#8211; Johannes Bergmann"},"content":{"rendered":"<p>A cole\u00e7\u00e3o NT Or&#953;g&#953;n&#945;l apresenta todas as informa\u00e7\u00f5es necess\u00e1rias para um estudo exaustivo e uma interpreta\u00e7\u00e3o bem fundamentada do Novo Testamento. Traz o texto b\u00edblico na vers\u00e3o original grega, uma an\u00e1lise detalhada de cada palavra, da gram\u00e1tica, coment\u00e1rios exeg\u00e9ticos e muito mais, incluindo uma nova tradu\u00e7\u00e3o para o portugu\u00eas. \u00c9 uma ferramenta completa para quem deseja preparar uma prega\u00e7\u00e3o, uma li\u00e7\u00e3o da escola dominical ou estudar a B\u00edblia no seu tempo devocional. Serve tanto para quem entende grego quanto para quem nunca teve a oportunidade de estudar a l\u00edngua original do NT.<\/p>\n<p>Entre os pontos fortes desta obra destacam-se:<br \/>\n&#8211; No texto grego, um sistema in\u00e9dito de identifica\u00e7\u00e3o morfol\u00f3gica dos verbos, que permite visualizar o aspecto da a\u00e7\u00e3o verbal.<br \/>\n&#8211; Uma indica\u00e7\u00e3o de leituras variantes do texto original, analisadas e traduzidas.<br \/>\n&#8211; Op\u00e7\u00f5es de tradu\u00e7\u00e3o de palavras ou express\u00f5es gregas, no contexto particular em que ocorrem, com explica\u00e7\u00f5es detalhadas de conceitos-chave. <br \/>\n&#8211; Oferece uma tradu\u00e7\u00e3o direta do texto original para o portugu\u00eas em uma linguagem contempor\u00e2nea, t\u00e3o literal quanto poss\u00edvel e t\u00e3o livre quanto necess\u00e1ria.<br \/>\n&#8211; Abundantes refer\u00eancias cruzadas, bem como breves coment\u00e1rios b\u00edblico-teol\u00f3gicos, que mostram como a B\u00edblia interpreta a si mesma.<br \/>\n&#8211; Um ap\u00eandice gramatical sucinto.<\/p>\n<p>&#8220;J\u00e1 li muito a respeito do famoso Serm\u00e3o do Monte, afinal, sou professor de B\u00edblia por mais de 30 anos. Contudo, at\u00e9 agora eu n\u00e3o tinha visto nada parecido com o que Bergmann nos presenteou nesta sua obra, uma abordagem modelo que, com certeza, pode ser seguida com sucesso para a interpretarmos e traduzirmos tamb\u00e9m outros textos do Novo Testamento Grego. Assim, tenho certeza de que ela ser\u00e1 um instrumento \u00fatil nas m\u00e3os de exegetas s\u00e9rios que procuram entender cada vez melhor as Escrituras. Sou grato a Deus pela vida do Prof. Bergmann, por se dedicar t\u00e3o profundamente ao estudo do Grego B\u00edblico e compartilhar seus conhecimentos&#8221;<br \/>\nAnt\u00f4nio Renato Gusso<br \/>\nP\u00f3s-doutor em Teologia e professor de Grego<\/p>\n","protected":false},"excerpt":{"rendered":"<p>A cole\u00e7\u00e3o NT Or&#953;g&#953;n&#945;l apresenta todas as informa\u00e7\u00f5es necess\u00e1rias para um estudo exaustivo e uma interpreta\u00e7\u00e3o bem fundamentada do Novo&hellip;<\/p>\n","protected":false},"featured_media":313772,"comment_status":"open","ping_status":"closed","template":"","meta":[],"product_cat":[161,134],"product_tag":[],"_links":{"self":[{"href":"https:\/\/www.livrariarema.com.br\/loja\/wp-json\/wp\/v2\/product\/305325"}],"collection":[{"href":"https:\/\/www.livrariarema.com.br\/loja\/wp-json\/wp\/v2\/product"}],"about":[{"href":"https:\/\/www.livrariarema.com.br\/loja\/wp-json\/wp\/v2\/types\/product"}],"replies":[{"embeddable":true,"href":"https:\/\/www.livrariarema.com.br\/loja\/wp-json\/wp\/v2\/comments?post=305325"}],"wp:featuredmedia":[{"embeddable":true,"href":"https:\/\/www.livrariarema.com.br\/loja\/wp-json\/wp\/v2\/media\/313772"}],"wp:attachment":[{"href":"https:\/\/www.livrariarema.com.br\/loja\/wp-json\/wp\/v2\/media?parent=305325"}],"wp:term":[{"taxonomy":"product_cat","embeddable":true,"href":"https:\/\/www.livrariarema.com.br\/loja\/wp-json\/wp\/v2\/product_cat?post=305325"},{"taxonomy":"product_tag","embeddable":true,"href":"https:\/\/www.livrariarema.com.br\/loja\/wp-json\/wp\/v2\/product_tag?post=305325"}],"curies":[{"name":"wp","href":"https:\/\/api.w.org\/{rel}","templated":true}]}}