{"id":307188,"date":"2024-07-24T09:22:43","date_gmt":"2024-07-24T12:22:43","guid":{"rendered":"https:\/\/www.livrariarema.com.br\/loja\/produtos\/sem categoria\/lideranca-consciente-john-c-maxwell\/"},"modified":"2025-12-19T15:21:06","modified_gmt":"2025-12-19T18:21:06","slug":"lideranca-consciente-john-c-maxwell","status":"publish","type":"product","link":"https:\/\/www.livrariarema.com.br\/loja\/produtos\/livros\/lideranca\/lideranca-consciente-john-c-maxwell\/","title":{"rendered":"Lideran\u00e7a Consciente &#8211; John C. Maxwell"},"content":{"rendered":"<p>Em Lideran\u00e7a consciente: como potencializar seus pontos fortes e se tornar um grande l\u00edder, Maxwell ensina a:<br \/>\n&#8211; avaliar sua efic\u00e1cia como l\u00edder;<br \/>\n&#8211; tomar decis\u00f5es melhores que levam ao sucesso;<br \/>\n&#8211; descobrir e corrigir os pr\u00f3prios erros;<br \/>\n&#8211; melhorar sua habilidade de liderar a pr\u00f3pria equipe e<br \/>\n&#8211; fazer trocas acertadas em sua carreira.<\/p>\n","protected":false},"excerpt":{"rendered":"<p>Em Lideran\u00e7a consciente: como potencializar seus pontos fortes e se tornar um grande l\u00edder, Maxwell ensina a: &#8211; avaliar sua&hellip;<\/p>\n","protected":false},"featured_media":328531,"comment_status":"open","ping_status":"closed","template":"","meta":[],"product_cat":[153,134],"product_tag":[],"_links":{"self":[{"href":"https:\/\/www.livrariarema.com.br\/loja\/wp-json\/wp\/v2\/product\/307188"}],"collection":[{"href":"https:\/\/www.livrariarema.com.br\/loja\/wp-json\/wp\/v2\/product"}],"about":[{"href":"https:\/\/www.livrariarema.com.br\/loja\/wp-json\/wp\/v2\/types\/product"}],"replies":[{"embeddable":true,"href":"https:\/\/www.livrariarema.com.br\/loja\/wp-json\/wp\/v2\/comments?post=307188"}],"wp:featuredmedia":[{"embeddable":true,"href":"https:\/\/www.livrariarema.com.br\/loja\/wp-json\/wp\/v2\/media\/328531"}],"wp:attachment":[{"href":"https:\/\/www.livrariarema.com.br\/loja\/wp-json\/wp\/v2\/media?parent=307188"}],"wp:term":[{"taxonomy":"product_cat","embeddable":true,"href":"https:\/\/www.livrariarema.com.br\/loja\/wp-json\/wp\/v2\/product_cat?post=307188"},{"taxonomy":"product_tag","embeddable":true,"href":"https:\/\/www.livrariarema.com.br\/loja\/wp-json\/wp\/v2\/product_tag?post=307188"}],"curies":[{"name":"wp","href":"https:\/\/api.w.org\/{rel}","templated":true}]}}