{"id":310384,"date":"2024-08-09T10:41:46","date_gmt":"2024-08-09T13:41:46","guid":{"rendered":"https:\/\/www.livrariarema.com.br\/loja\/produtos\/sem categoria\/biblia-de-estudo-dake-capa-dura-montanhas\/"},"modified":"2025-09-11T14:42:36","modified_gmt":"2025-09-11T17:42:36","slug":"biblia-de-estudo-dake-capa-dura-montanhas","status":"publish","type":"product","link":"https:\/\/www.livrariarema.com.br\/loja\/produtos\/biblias\/estudo\/biblia-de-estudo-dake-capa-dura-montanhas\/","title":{"rendered":"Biblia De Estudo Dake &#8211; Capa Dura &#8211; Montanhas"},"content":{"rendered":"<p>B\u00edblia de Estudo Dake &#8211; Edi\u00e7\u00e3o Especial de Biblioteca em Capa Dura, Letra Grande Descubra a profundidade das Escrituras com a renomada B\u00edblia de Estudo Dake, uma obra-prima do Pastor Finis Jennings Dake. Esta edi\u00e7\u00e3o especial em capa dura e letra grande oferece conforto excepcional na leitura, al\u00e9m de durabilidade para d\u00e9cadas de uso. Ideal para estudantes s\u00e9rios da B\u00edblia e l\u00edderes religiosos, a B\u00edblia de Estudo Dake apresenta: 35.000 Notas de Coment\u00e1rio: Explica\u00e7\u00f5es detalhadas que esclarecem passagens dif\u00edceis e ampliam a compreens\u00e3o do texto sagrado. 500.000 Refer\u00eancias na Cadeia Tem\u00e1tica: Facilita a conex\u00e3o entre vers\u00edculos e temas correlatos, proporcionando uma vis\u00e3o integrada das Escrituras. 9.000 Esbo\u00e7os para Ensino: Recursos valiosos para prepara\u00e7\u00e3o de estudos b\u00edblicos, serm\u00f5es e reflex\u00f5es pessoais. Com uma abordagem interpretativa que valoriza a literalidade quando apropriado, a B\u00edblia de Estudo Dake oferece uma vis\u00e3o profunda e abrangente das mensagens b\u00edblicas. Reconhecida por sua clareza e impacto transformador, esta obra \u00e9 um investimento duradouro e uma heran\u00e7a significativa para gera\u00e7\u00f5es futuras.<\/p>\n","protected":false},"excerpt":{"rendered":"<p>B\u00edblia de Estudo Dake &#8211; Edi\u00e7\u00e3o Especial de Biblioteca em Capa Dura, Letra Grande Descubra a profundidade das Escrituras com&hellip;<\/p>\n","protected":false},"featured_media":311551,"comment_status":"open","ping_status":"closed","template":"","meta":[],"product_cat":[139,140],"product_tag":[],"_links":{"self":[{"href":"https:\/\/www.livrariarema.com.br\/loja\/wp-json\/wp\/v2\/product\/310384"}],"collection":[{"href":"https:\/\/www.livrariarema.com.br\/loja\/wp-json\/wp\/v2\/product"}],"about":[{"href":"https:\/\/www.livrariarema.com.br\/loja\/wp-json\/wp\/v2\/types\/product"}],"replies":[{"embeddable":true,"href":"https:\/\/www.livrariarema.com.br\/loja\/wp-json\/wp\/v2\/comments?post=310384"}],"wp:featuredmedia":[{"embeddable":true,"href":"https:\/\/www.livrariarema.com.br\/loja\/wp-json\/wp\/v2\/media\/311551"}],"wp:attachment":[{"href":"https:\/\/www.livrariarema.com.br\/loja\/wp-json\/wp\/v2\/media?parent=310384"}],"wp:term":[{"taxonomy":"product_cat","embeddable":true,"href":"https:\/\/www.livrariarema.com.br\/loja\/wp-json\/wp\/v2\/product_cat?post=310384"},{"taxonomy":"product_tag","embeddable":true,"href":"https:\/\/www.livrariarema.com.br\/loja\/wp-json\/wp\/v2\/product_tag?post=310384"}],"curies":[{"name":"wp","href":"https:\/\/api.w.org\/{rel}","templated":true}]}}