{"id":312108,"date":"2024-08-21T13:25:14","date_gmt":"2024-08-21T16:25:14","guid":{"rendered":"https:\/\/www.livrariarema.com.br\/loja\/produtos\/sem categoria\/novo-testamento-em-15-palavras-o-nijay-gupta\/"},"modified":"2026-02-24T12:31:47","modified_gmt":"2026-02-24T15:31:47","slug":"novo-testamento-em-15-palavras-o-nijay-gupta","status":"publish","type":"product","link":"https:\/\/www.livrariarema.com.br\/loja\/produtos\/livros\/teologia\/novo-testamento-em-15-palavras-o-nijay-gupta\/","title":{"rendered":"Novo Testamento Em 15 Palavras, O &#8211; Nijay Gupta"},"content":{"rendered":"<p>A TEOLOGIA DO NOVO TESTAMENTO NUNCA FOI T\u00c3O PROFUNDAMENTE SIMPLES<\/p>\n<p>Ao estudar o Novo Testamento, \u00e9 comum se apegar a aspectos morais e<br \/>\nfilos\u00f3ficos, desenvolver pensamentos complexos e mirabolantes enquanto<br \/>\nse analisa a vinda de Cristo e o in\u00edcio da Igreja como a conhecemos.<br \/>\nContudo, o Novo Testamento \u00e9 muito mais do que isso. As coisas que<br \/>\nmais valorizamos na vida &#8211; beleza, justi\u00e7a, bondade &#8211; s\u00e3o as que<br \/>\npreenchem as p\u00e1ginas de nossas B\u00edblias. O evangelho \u00e9, al\u00e9m de uma<br \/>\nmensagem atemporal de salva\u00e7\u00e3o e vida eterna, uma mensagem sobre a<br \/>\nvida real &#8211; fazendo diferen\u00e7a nas coisas simples.<br \/>\nEm 15 palavras do Novo Testamento, palavras-chave da B\u00edblia s\u00e3o<br \/>\nabordadas com profunda simplicidade, nos levando a uma teologia da<br \/>\nvida real. As palavras justi\u00e7a, evangelho, perd\u00e3o, vida, cruz, f\u00e9, gra\u00e7a,<br \/>\ncomunh\u00e3o, esperan\u00e7a, salva\u00e7\u00e3o, paz, religi\u00e3o, santidade, amor e<br \/>\ntestemunho s\u00e3o analisadas individualmente e ancoradas em textos<br \/>\nb\u00edblicos, dando base e contexto para cada uma. Essas palavras moldaram<br \/>\nidentidades, comunidades e a vida crist\u00e3 de muitos e, infelizmente, dada<br \/>\na frequ\u00eancia com que as utilizamos, se tornam jarg\u00f5es crist\u00e3os e perdem<br \/>\no verdadeiro significado e profundidade.<\/p>\n<p>Por meio de uma linguagem acess\u00edvel, Nijay Gupta transforma o modo<br \/>\ncomo lemos o Novo Testamento, convidando-nos para uma teologia<br \/>\npr\u00e1tica que confronta todas as \u00e1reas da vida e nos capacita para viv\u00ea-las<br \/>\npara a gl\u00f3ria de Deus.<\/p>\n","protected":false},"excerpt":{"rendered":"<p>A TEOLOGIA DO NOVO TESTAMENTO NUNCA FOI T\u00c3O PROFUNDAMENTE SIMPLES Ao estudar o Novo Testamento, \u00e9 comum se apegar a&hellip;<\/p>\n","protected":false},"featured_media":345348,"comment_status":"open","ping_status":"closed","template":"","meta":[],"product_cat":[134,136],"product_tag":[],"_links":{"self":[{"href":"https:\/\/www.livrariarema.com.br\/loja\/wp-json\/wp\/v2\/product\/312108"}],"collection":[{"href":"https:\/\/www.livrariarema.com.br\/loja\/wp-json\/wp\/v2\/product"}],"about":[{"href":"https:\/\/www.livrariarema.com.br\/loja\/wp-json\/wp\/v2\/types\/product"}],"replies":[{"embeddable":true,"href":"https:\/\/www.livrariarema.com.br\/loja\/wp-json\/wp\/v2\/comments?post=312108"}],"wp:featuredmedia":[{"embeddable":true,"href":"https:\/\/www.livrariarema.com.br\/loja\/wp-json\/wp\/v2\/media\/345348"}],"wp:attachment":[{"href":"https:\/\/www.livrariarema.com.br\/loja\/wp-json\/wp\/v2\/media?parent=312108"}],"wp:term":[{"taxonomy":"product_cat","embeddable":true,"href":"https:\/\/www.livrariarema.com.br\/loja\/wp-json\/wp\/v2\/product_cat?post=312108"},{"taxonomy":"product_tag","embeddable":true,"href":"https:\/\/www.livrariarema.com.br\/loja\/wp-json\/wp\/v2\/product_tag?post=312108"}],"curies":[{"name":"wp","href":"https:\/\/api.w.org\/{rel}","templated":true}]}}