{"id":312114,"date":"2024-08-21T13:25:36","date_gmt":"2024-08-21T16:25:36","guid":{"rendered":"https:\/\/www.livrariarema.com.br\/loja\/produtos\/sem categoria\/se-pudesse-contar-as-estrelas-becca-mackenzie\/"},"modified":"2026-04-25T09:40:45","modified_gmt":"2026-04-25T12:40:45","slug":"se-pudesse-contar-as-estrelas-becca-mackenzie","status":"publish","type":"product","link":"https:\/\/www.livrariarema.com.br\/loja\/produtos\/livros\/ficcao\/se-pudesse-contar-as-estrelas-becca-mackenzie\/","title":{"rendered":"Se Pudesse Contar As Estrelas &#8211; Becca Mackenzie"},"content":{"rendered":"<p>IMAGINE ACORDAR SEM MEM\u00d3RIA, EM UM LUGAR DESCONHECIDO, TENDO COMO PISTA APENAS UM NOME GRAVADO EM UM COLAR?<\/p>\n<p>Esse \u00e9 o caso de Alison que, certo dia, ainda crian\u00e7a, desperta prestes a se afogar em um lago. A garota \u00e9 levada para a Escola Bellatrix e, em pouco tempo, descobre que est\u00e1 na Terra do Nunca, lar daqueles que nunca nasceram &#8211; um mundo t\u00e3o m\u00e1gico quanto perigoso.<\/p>\n<p>Enquanto luta para se adaptar a essa realidade, uma descoberta inesperada a leva a questionar tudo o que lhe disseram sobre aquele lugar. Em meio a criaturas fant\u00e1sticas, o perigo representado pelos piratas e desafios inesperados, Alison precisa encontrar for\u00e7a e coragem para desvendar os segredos da Terra do Nunca e trilhar seu pr\u00f3prio caminho em busca de um sonho que parece imposs\u00edvel.<\/p>\n","protected":false},"excerpt":{"rendered":"<p>IMAGINE ACORDAR SEM MEM\u00d3RIA, EM UM LUGAR DESCONHECIDO, TENDO COMO PISTA APENAS UM NOME GRAVADO EM UM COLAR? Esse \u00e9&hellip;<\/p>\n","protected":false},"featured_media":345810,"comment_status":"open","ping_status":"closed","template":"","meta":[],"product_cat":[162,134],"product_tag":[],"_links":{"self":[{"href":"https:\/\/www.livrariarema.com.br\/loja\/wp-json\/wp\/v2\/product\/312114"}],"collection":[{"href":"https:\/\/www.livrariarema.com.br\/loja\/wp-json\/wp\/v2\/product"}],"about":[{"href":"https:\/\/www.livrariarema.com.br\/loja\/wp-json\/wp\/v2\/types\/product"}],"replies":[{"embeddable":true,"href":"https:\/\/www.livrariarema.com.br\/loja\/wp-json\/wp\/v2\/comments?post=312114"}],"wp:featuredmedia":[{"embeddable":true,"href":"https:\/\/www.livrariarema.com.br\/loja\/wp-json\/wp\/v2\/media\/345810"}],"wp:attachment":[{"href":"https:\/\/www.livrariarema.com.br\/loja\/wp-json\/wp\/v2\/media?parent=312114"}],"wp:term":[{"taxonomy":"product_cat","embeddable":true,"href":"https:\/\/www.livrariarema.com.br\/loja\/wp-json\/wp\/v2\/product_cat?post=312114"},{"taxonomy":"product_tag","embeddable":true,"href":"https:\/\/www.livrariarema.com.br\/loja\/wp-json\/wp\/v2\/product_tag?post=312114"}],"curies":[{"name":"wp","href":"https:\/\/api.w.org\/{rel}","templated":true}]}}