{"id":312118,"date":"2024-08-21T13:26:58","date_gmt":"2024-08-21T16:26:58","guid":{"rendered":"https:\/\/www.livrariarema.com.br\/loja\/produtos\/sem%20categoria\/biblia-king-james-fiel-1611-ultrafina-lettering-hebraica\/"},"modified":"2025-02-27T09:26:38","modified_gmt":"2025-02-27T12:26:38","slug":"biblia-king-james-fiel-1611-ultrafina-lettering-hebraica","status":"publish","type":"product","link":"https:\/\/www.livrariarema.com.br\/loja\/produtos\/biblias\/king-james\/biblia-king-james-fiel-1611-ultrafina-lettering-hebraica\/","title":{"rendered":"B\u00edblia King James Fiel 1611 &#8211; Ultrafina &#8211; Lettering &#8211; Hebraica"},"content":{"rendered":"<p>&#8220;Lettering Bible. Eis a mais nova edi\u00e7\u00e3o da BKJ 1611 Ultra Fina: BKJ 1611 Lettering \u00adBible, com o intuito de estimular a cria\u00e7\u00e3o de desenhos de letras dos vers\u00edculos da B\u00edblia de uma forma art\u00edstica e criativa. Esse conceito nasceu nos Estados Unidos onde os leitores da B\u00edblia expressam sua arte atrav\u00e9s de vers\u00edculos e desenhos feitos \u00e0 m\u00e3o, e narram as mais conhecidas hist\u00f3rias B\u00edblicas.<\/p>\n<p>Nesta edi\u00e7\u00e3o vamos adentrar nesse universo criativo do Lettering Bible onde iremos interagir com os textos b\u00edblicos e registrar nosso aprendizado com Deus atrav\u00e9s da leitura e da arte.<\/p>\n<p>Na BKJ 1611 Lettering Bible voc\u00ea encontrar\u00e1 v\u00e1rias artes prontas para colorir, inclu\u00edmos tamb\u00e9m pautas para que voc\u00ea possa desenvolver sua pr\u00f3pria cria\u00e7\u00e3o e anota\u00e7\u00f5es.<\/p>\n<p>Deixamos aqui tr\u00eas dicas para o melhor desenvolvimento art\u00edstico:<\/p>\n<p>a) Use l\u00e1pis de cera, com pontas arredondadas;<\/p>\n<p>b) Busque usar diversidade de cores para dar alegria ao seu trabalho;<\/p>\n<p>c) Publique seu trabalho em sua m\u00eddia social e marque a BV Books.<\/p>\n","protected":false},"excerpt":{"rendered":"<p>&#8220;Lettering Bible. Eis a mais nova edi\u00e7\u00e3o da BKJ 1611 Ultra Fina: BKJ 1611 Lettering \u00adBible, com o intuito de&hellip;<\/p>\n","protected":false},"featured_media":326456,"comment_status":"open","ping_status":"closed","template":"","meta":[],"product_cat":[139,233],"product_tag":[],"_links":{"self":[{"href":"https:\/\/www.livrariarema.com.br\/loja\/wp-json\/wp\/v2\/product\/312118"}],"collection":[{"href":"https:\/\/www.livrariarema.com.br\/loja\/wp-json\/wp\/v2\/product"}],"about":[{"href":"https:\/\/www.livrariarema.com.br\/loja\/wp-json\/wp\/v2\/types\/product"}],"replies":[{"embeddable":true,"href":"https:\/\/www.livrariarema.com.br\/loja\/wp-json\/wp\/v2\/comments?post=312118"}],"wp:featuredmedia":[{"embeddable":true,"href":"https:\/\/www.livrariarema.com.br\/loja\/wp-json\/wp\/v2\/media\/326456"}],"wp:attachment":[{"href":"https:\/\/www.livrariarema.com.br\/loja\/wp-json\/wp\/v2\/media?parent=312118"}],"wp:term":[{"taxonomy":"product_cat","embeddable":true,"href":"https:\/\/www.livrariarema.com.br\/loja\/wp-json\/wp\/v2\/product_cat?post=312118"},{"taxonomy":"product_tag","embeddable":true,"href":"https:\/\/www.livrariarema.com.br\/loja\/wp-json\/wp\/v2\/product_tag?post=312118"}],"curies":[{"name":"wp","href":"https:\/\/api.w.org\/{rel}","templated":true}]}}