{"id":315075,"date":"2024-09-16T14:35:05","date_gmt":"2024-09-16T17:35:05","guid":{"rendered":"https:\/\/www.livrariarema.com.br\/loja\/produtos\/sem categoria\/mini-ficheiro-smart-pooh\/"},"modified":"2025-03-05T17:38:21","modified_gmt":"2025-03-05T20:38:21","slug":"mini-ficheiro-smart-pooh","status":"publish","type":"product","link":"https:\/\/www.livrariarema.com.br\/loja\/produtos\/papelaria\/caderno\/mini-ficheiro-smart-pooh\/","title":{"rendered":"Mini Ficheiro &#8211; Smart &#8211; Pooh"},"content":{"rendered":"<p>O mini ficheiro \u00e9 ideal para estimular a organiza\u00e7\u00e3o dos estudos di\u00e1rios e alcan\u00e7ar as metas e objetivos sem perder a motiva\u00e7\u00e3o. Cheio de versatilidade ao inserir ou retirar folhas. \u00datil e estiloso, foi feito para arrasar! Pronto para escola ou faculdade. UM DIA SEM UM AMIGO E UM PRODUTO DAC \u00c9 COMO UM FAVO SEM UMA GOTA DE MEL! O Ursinho mais amado do mundo retorna numa nova cole\u00e7\u00e3o cheia de novidades e ainda mais fofa.<br \/>\nRepleta de poesia, como o pr\u00f3prio personagem, a cole\u00e7\u00e3o Pooh traz cadernos Smart nas 3 vers\u00f5es de tamanho: universit\u00e1rio, colegial e mini, caderno argolado, estojo com el\u00e1stico, um mini ficheiro e estojo em formato exclusivo hexagonal, al\u00e9m do tamb\u00e9m cobi\u00e7ado Bloco Smart Papel de Cartas, com folhas serrilhadas e compat\u00edvel com o caderno Smart.<\/p>\n<p>Wire-o, 90 Folhas decoradas 90g reposicion\u00e1veis, Capa em PVC Cristal impressa<\/p>\n","protected":false},"excerpt":{"rendered":"<p>O mini ficheiro \u00e9 ideal para estimular a organiza\u00e7\u00e3o dos estudos di\u00e1rios e alcan\u00e7ar as metas e objetivos sem perder&hellip;<\/p>\n","protected":false},"featured_media":327177,"comment_status":"open","ping_status":"closed","template":"","meta":[],"product_cat":[230,215],"product_tag":[],"_links":{"self":[{"href":"https:\/\/www.livrariarema.com.br\/loja\/wp-json\/wp\/v2\/product\/315075"}],"collection":[{"href":"https:\/\/www.livrariarema.com.br\/loja\/wp-json\/wp\/v2\/product"}],"about":[{"href":"https:\/\/www.livrariarema.com.br\/loja\/wp-json\/wp\/v2\/types\/product"}],"replies":[{"embeddable":true,"href":"https:\/\/www.livrariarema.com.br\/loja\/wp-json\/wp\/v2\/comments?post=315075"}],"wp:featuredmedia":[{"embeddable":true,"href":"https:\/\/www.livrariarema.com.br\/loja\/wp-json\/wp\/v2\/media\/327177"}],"wp:attachment":[{"href":"https:\/\/www.livrariarema.com.br\/loja\/wp-json\/wp\/v2\/media?parent=315075"}],"wp:term":[{"taxonomy":"product_cat","embeddable":true,"href":"https:\/\/www.livrariarema.com.br\/loja\/wp-json\/wp\/v2\/product_cat?post=315075"},{"taxonomy":"product_tag","embeddable":true,"href":"https:\/\/www.livrariarema.com.br\/loja\/wp-json\/wp\/v2\/product_tag?post=315075"}],"curies":[{"name":"wp","href":"https:\/\/api.w.org\/{rel}","templated":true}]}}