{"id":315277,"date":"2024-09-17T09:29:49","date_gmt":"2024-09-17T12:29:49","guid":{"rendered":"https:\/\/www.livrariarema.com.br\/loja\/produtos\/sem categoria\/biblia-e-minha-melhor-amiga-a-historias-da-biblia\/"},"modified":"2026-02-19T15:55:59","modified_gmt":"2026-02-19T18:55:59","slug":"biblia-e-minha-melhor-amiga-a-historias-da-biblia","status":"publish","type":"product","link":"https:\/\/www.livrariarema.com.br\/loja\/produtos\/livros\/infantil-biblia\/biblia-e-minha-melhor-amiga-a-historias-da-biblia\/","title":{"rendered":"Biblia E Minha Melhor Amiga, A &#8211; Hist\u00f3rias Da B\u00edblia"},"content":{"rendered":"<p>Como parte da s\u00e9rie A B\u00edblia \u00e9 a minha melhor amiga, neste livro voc\u00ea encontra 52 hist\u00f3rias do Antigo e do Novo Testamento como um texto devocional para a fam\u00edlia, e ainda com vers\u00edculos para memorizar.<br \/>\nSuas p\u00e1ginas ganham vida com ilustra\u00e7\u00f5es diferenciadas que estimulam as crian\u00e7as a visualizarem seus personagens favoritos da B\u00edblia de forma \u00fanica. Enquanto aprendem a hist\u00f3ria de Deus, os leitores descobrir\u00e3o sua melhor amiga, a B\u00edblia!<\/p>\n","protected":false},"excerpt":{"rendered":"<p>Como parte da s\u00e9rie A B\u00edblia \u00e9 a minha melhor amiga, neste livro voc\u00ea encontra 52 hist\u00f3rias do Antigo e&hellip;<\/p>\n","protected":false},"featured_media":342760,"comment_status":"open","ping_status":"closed","template":"","meta":[],"product_cat":[165,134],"product_tag":[],"_links":{"self":[{"href":"https:\/\/www.livrariarema.com.br\/loja\/wp-json\/wp\/v2\/product\/315277"}],"collection":[{"href":"https:\/\/www.livrariarema.com.br\/loja\/wp-json\/wp\/v2\/product"}],"about":[{"href":"https:\/\/www.livrariarema.com.br\/loja\/wp-json\/wp\/v2\/types\/product"}],"replies":[{"embeddable":true,"href":"https:\/\/www.livrariarema.com.br\/loja\/wp-json\/wp\/v2\/comments?post=315277"}],"wp:featuredmedia":[{"embeddable":true,"href":"https:\/\/www.livrariarema.com.br\/loja\/wp-json\/wp\/v2\/media\/342760"}],"wp:attachment":[{"href":"https:\/\/www.livrariarema.com.br\/loja\/wp-json\/wp\/v2\/media?parent=315277"}],"wp:term":[{"taxonomy":"product_cat","embeddable":true,"href":"https:\/\/www.livrariarema.com.br\/loja\/wp-json\/wp\/v2\/product_cat?post=315277"},{"taxonomy":"product_tag","embeddable":true,"href":"https:\/\/www.livrariarema.com.br\/loja\/wp-json\/wp\/v2\/product_tag?post=315277"}],"curies":[{"name":"wp","href":"https:\/\/api.w.org\/{rel}","templated":true}]}}