{"id":315281,"date":"2024-09-17T09:30:06","date_gmt":"2024-09-17T12:30:06","guid":{"rendered":"https:\/\/www.livrariarema.com.br\/loja\/produtos\/sem categoria\/biblia-leia-e-anote-nvt-ziper-fiel-e-verdadeiro-preto\/"},"modified":"2025-02-06T14:16:46","modified_gmt":"2025-02-06T17:16:46","slug":"biblia-leia-e-anote-nvt-ziper-fiel-e-verdadeiro-preto","status":"publish","type":"product","link":"https:\/\/www.livrariarema.com.br\/loja\/produtos\/biblias\/nvt\/biblia-leia-e-anote-nvt-ziper-fiel-e-verdadeiro-preto\/","title":{"rendered":"B\u00edblia Leia E Anote &#8211; Nvt &#8211; Z\u00edper &#8211; Fiel E Verdadeiro &#8211; Preto"},"content":{"rendered":"<p>Para voc\u00ea que busca uma experi\u00eancia profunda e personalizada em seus estudos b\u00edblicos, apresentamos a nova B\u00edblia Leia e Anote NVT com Z\u00edper. Al\u00e9m de contar com a aclamada Nova Vers\u00e3o Transformadora (NVT), que oferece uma leitura clara, envolvente e fiel \u00e0s l\u00ednguas originais, esta edi\u00e7\u00e3o foi cuidadosamente desenvolvida para atender \u00e0s suas necessidades com ainda mais praticidade e eleg\u00e2ncia.<\/p>\n<p>O grande diferencial desta nova B\u00edblia \u00e9 o z\u00edper, que proporciona maior prote\u00e7\u00e3o \u00e0s suas anota\u00e7\u00f5es e ao conte\u00fado precioso da Palavra de Deus. Com ele, voc\u00ea pode carregar sua B\u00edblia com tranquilidade, sabendo que suas p\u00e1ginas est\u00e3o sempre protegidas, n\u00e3o importa onde voc\u00ea esteja.<\/p>\n<p>A B\u00edblia Leia e Anote NVT continua a se destacar pela sua qualidade superior: capa flex\u00edvel com material premium, laterais douradas e papel creme, ideal para leitura prolongada e suave aos olhos. O amplo espa\u00e7o para anota\u00e7\u00f5es, aliado \u00e0 prote\u00e7\u00e3o do z\u00edper, torna seus estudos ainda mais pr\u00e1ticos e personalizados, permitindo que voc\u00ea registre suas reflex\u00f5es e insights com total seguran\u00e7a.<\/p>\n<p>Descubra a B\u00edblia que une beleza, durabilidade e agora, com o z\u00edper, ainda mais praticidade para sua jornada espiritual.<\/p>\n","protected":false},"excerpt":{"rendered":"<p>Para voc\u00ea que busca uma experi\u00eancia profunda e personalizada em seus estudos b\u00edblicos, apresentamos a nova B\u00edblia Leia e Anote&hellip;<\/p>\n","protected":false},"featured_media":326052,"comment_status":"open","ping_status":"closed","template":"","meta":[],"product_cat":[139,225],"product_tag":[],"_links":{"self":[{"href":"https:\/\/www.livrariarema.com.br\/loja\/wp-json\/wp\/v2\/product\/315281"}],"collection":[{"href":"https:\/\/www.livrariarema.com.br\/loja\/wp-json\/wp\/v2\/product"}],"about":[{"href":"https:\/\/www.livrariarema.com.br\/loja\/wp-json\/wp\/v2\/types\/product"}],"replies":[{"embeddable":true,"href":"https:\/\/www.livrariarema.com.br\/loja\/wp-json\/wp\/v2\/comments?post=315281"}],"wp:featuredmedia":[{"embeddable":true,"href":"https:\/\/www.livrariarema.com.br\/loja\/wp-json\/wp\/v2\/media\/326052"}],"wp:attachment":[{"href":"https:\/\/www.livrariarema.com.br\/loja\/wp-json\/wp\/v2\/media?parent=315281"}],"wp:term":[{"taxonomy":"product_cat","embeddable":true,"href":"https:\/\/www.livrariarema.com.br\/loja\/wp-json\/wp\/v2\/product_cat?post=315281"},{"taxonomy":"product_tag","embeddable":true,"href":"https:\/\/www.livrariarema.com.br\/loja\/wp-json\/wp\/v2\/product_tag?post=315281"}],"curies":[{"name":"wp","href":"https:\/\/api.w.org\/{rel}","templated":true}]}}