{"id":315287,"date":"2024-09-17T09:30:25","date_gmt":"2024-09-17T12:30:25","guid":{"rendered":"https:\/\/www.livrariarema.com.br\/loja\/produtos\/sem categoria\/biblia-rc-luxo-letra-mega-gigante-preta\/"},"modified":"2026-04-14T09:20:46","modified_gmt":"2026-04-14T12:20:46","slug":"biblia-rc-luxo-letra-mega-gigante-preta","status":"publish","type":"product","link":"https:\/\/www.livrariarema.com.br\/loja\/produtos\/biblias\/revista-corrigida-biblias\/biblia-rc-luxo-letra-mega-gigante-preta\/","title":{"rendered":"B\u00edblia &#8211; Rc &#8211; Luxo &#8211; Letra Mega Gigante &#8211; Preta"},"content":{"rendered":"<p>Uma escolha perfeita para presentear algu\u00e9m especial com um tesouro inesquec\u00edvel: a Palavra de Deus! Esta B\u00edblia, na vers\u00e3o Revista e Corrigida, possui acabamento de luxo com doura\u00e7\u00e3o nas laterais, capa flex\u00edvel e letra mega gigante, tornando o presente idal para quem voc\u00ea ama e deseja presentear.<\/p>\n","protected":false},"excerpt":{"rendered":"<p>Uma escolha perfeita para presentear algu\u00e9m especial com um tesouro inesquec\u00edvel: a Palavra de Deus! Esta B\u00edblia, na vers\u00e3o Revista&hellip;<\/p>\n","protected":false},"featured_media":325930,"comment_status":"open","ping_status":"closed","template":"","meta":[],"product_cat":[139,149],"product_tag":[],"_links":{"self":[{"href":"https:\/\/www.livrariarema.com.br\/loja\/wp-json\/wp\/v2\/product\/315287"}],"collection":[{"href":"https:\/\/www.livrariarema.com.br\/loja\/wp-json\/wp\/v2\/product"}],"about":[{"href":"https:\/\/www.livrariarema.com.br\/loja\/wp-json\/wp\/v2\/types\/product"}],"replies":[{"embeddable":true,"href":"https:\/\/www.livrariarema.com.br\/loja\/wp-json\/wp\/v2\/comments?post=315287"}],"wp:featuredmedia":[{"embeddable":true,"href":"https:\/\/www.livrariarema.com.br\/loja\/wp-json\/wp\/v2\/media\/325930"}],"wp:attachment":[{"href":"https:\/\/www.livrariarema.com.br\/loja\/wp-json\/wp\/v2\/media?parent=315287"}],"wp:term":[{"taxonomy":"product_cat","embeddable":true,"href":"https:\/\/www.livrariarema.com.br\/loja\/wp-json\/wp\/v2\/product_cat?post=315287"},{"taxonomy":"product_tag","embeddable":true,"href":"https:\/\/www.livrariarema.com.br\/loja\/wp-json\/wp\/v2\/product_tag?post=315287"}],"curies":[{"name":"wp","href":"https:\/\/api.w.org\/{rel}","templated":true}]}}