{"id":315476,"date":"2024-09-18T12:57:39","date_gmt":"2024-09-18T15:57:39","guid":{"rendered":"https:\/\/www.livrariarema.com.br\/loja\/produtos\/sem categoria\/box-selecao-especial-de-oswald-chambers\/"},"modified":"2025-12-24T09:11:05","modified_gmt":"2025-12-24T12:11:05","slug":"box-selecao-especial-de-oswald-chambers","status":"publish","type":"product","link":"https:\/\/www.livrariarema.com.br\/loja\/produtos\/livros\/estudo-biblico\/box-selecao-especial-de-oswald-chambers\/","title":{"rendered":"Box Sele\u00e7\u00e3o Especial De Oswald Chambers"},"content":{"rendered":"<p>Esta \u00e9 uma colet\u00e2nea constitu\u00edda por tr\u00eas das primeiras obras de Oswald Chambers.<br \/>\nElas tratam de temas atuais e contribuem para entendermos melhor o agir de Deus em nossa vida.<br \/>\nChambers nos convida a perceber o prop\u00f3sito maior da vida e a encontrar esperan\u00e7a eterna em Deus.<br \/>\nEsta sele\u00e7\u00e3o especial \u00e9 um excelente recurso para conhecermos mais profundamente a Palavra de Deus e sermos guiados por ela.<\/p>\n","protected":false},"excerpt":{"rendered":"<p>Esta \u00e9 uma colet\u00e2nea constitu\u00edda por tr\u00eas das primeiras obras de Oswald Chambers. Elas tratam de temas atuais e contribuem&hellip;<\/p>\n","protected":false},"featured_media":332957,"comment_status":"open","ping_status":"closed","template":"","meta":[],"product_cat":[161,134],"product_tag":[],"_links":{"self":[{"href":"https:\/\/www.livrariarema.com.br\/loja\/wp-json\/wp\/v2\/product\/315476"}],"collection":[{"href":"https:\/\/www.livrariarema.com.br\/loja\/wp-json\/wp\/v2\/product"}],"about":[{"href":"https:\/\/www.livrariarema.com.br\/loja\/wp-json\/wp\/v2\/types\/product"}],"replies":[{"embeddable":true,"href":"https:\/\/www.livrariarema.com.br\/loja\/wp-json\/wp\/v2\/comments?post=315476"}],"wp:featuredmedia":[{"embeddable":true,"href":"https:\/\/www.livrariarema.com.br\/loja\/wp-json\/wp\/v2\/media\/332957"}],"wp:attachment":[{"href":"https:\/\/www.livrariarema.com.br\/loja\/wp-json\/wp\/v2\/media?parent=315476"}],"wp:term":[{"taxonomy":"product_cat","embeddable":true,"href":"https:\/\/www.livrariarema.com.br\/loja\/wp-json\/wp\/v2\/product_cat?post=315476"},{"taxonomy":"product_tag","embeddable":true,"href":"https:\/\/www.livrariarema.com.br\/loja\/wp-json\/wp\/v2\/product_tag?post=315476"}],"curies":[{"name":"wp","href":"https:\/\/api.w.org\/{rel}","templated":true}]}}