{"id":315495,"date":"2024-09-18T12:58:59","date_gmt":"2024-09-18T15:58:59","guid":{"rendered":"https:\/\/www.livrariarema.com.br\/loja\/produtos\/sem%20categoria\/momentos-com-deus-para-mulheres-pao-diario\/"},"modified":"2026-03-24T16:14:03","modified_gmt":"2026-03-24T19:14:03","slug":"momentos-com-deus-para-mulheres-pao-diario","status":"publish","type":"product","link":"https:\/\/www.livrariarema.com.br\/loja\/produtos\/livros\/devocional\/momentos-com-deus-para-mulheres-pao-diario\/","title":{"rendered":"Momentos Com Deus Para Mulheres &#8211; P\u00e3o Di\u00e1rio"},"content":{"rendered":"<p>&#8220;Este devocional voltado para o p\u00fablico feminino \u00e9 pensado em leitoras modernas e ocupadas, trazendo reflex\u00f5es curtas que conectam histo&#769;rias reais \u00e0 verdade das Escrituras de uma forma que torna a B\u00edblia relevante para a vida e fe&#769; das mulheres de Deus.<br \/>\nAssim como na vers\u00e3o voltada para o p\u00fablico masculino, cada um dos 100 textos di\u00e1rios desta obra tamb\u00e9m inclui dois to&#769;picos: momentos de reflexa&#771;o e momentos de renovac&#807;a&#771;o, a fim de gerar oportunidades de paz e fortalecimento perante os desafios que o mundo atual lan\u00e7a \u00e0 caminhada crist\u00e3.&#8221;<\/p>\n","protected":false},"excerpt":{"rendered":"<p>&#8220;Este devocional voltado para o p\u00fablico feminino \u00e9 pensado em leitoras modernas e ocupadas, trazendo reflex\u00f5es curtas que conectam histo&#769;rias&hellip;<\/p>\n","protected":false},"featured_media":344879,"comment_status":"open","ping_status":"closed","template":"","meta":[],"product_cat":[158,134],"product_tag":[],"_links":{"self":[{"href":"https:\/\/www.livrariarema.com.br\/loja\/wp-json\/wp\/v2\/product\/315495"}],"collection":[{"href":"https:\/\/www.livrariarema.com.br\/loja\/wp-json\/wp\/v2\/product"}],"about":[{"href":"https:\/\/www.livrariarema.com.br\/loja\/wp-json\/wp\/v2\/types\/product"}],"replies":[{"embeddable":true,"href":"https:\/\/www.livrariarema.com.br\/loja\/wp-json\/wp\/v2\/comments?post=315495"}],"wp:featuredmedia":[{"embeddable":true,"href":"https:\/\/www.livrariarema.com.br\/loja\/wp-json\/wp\/v2\/media\/344879"}],"wp:attachment":[{"href":"https:\/\/www.livrariarema.com.br\/loja\/wp-json\/wp\/v2\/media?parent=315495"}],"wp:term":[{"taxonomy":"product_cat","embeddable":true,"href":"https:\/\/www.livrariarema.com.br\/loja\/wp-json\/wp\/v2\/product_cat?post=315495"},{"taxonomy":"product_tag","embeddable":true,"href":"https:\/\/www.livrariarema.com.br\/loja\/wp-json\/wp\/v2\/product_tag?post=315495"}],"curies":[{"name":"wp","href":"https:\/\/api.w.org\/{rel}","templated":true}]}}