{"id":315528,"date":"2024-09-18T13:01:06","date_gmt":"2024-09-18T16:01:06","guid":{"rendered":"https:\/\/www.livrariarema.com.br\/loja\/produtos\/sem%20categoria\/biblia-nvi-leia-e-anote-luxo-preta-e-dourada\/"},"modified":"2025-02-05T09:43:47","modified_gmt":"2025-02-05T12:43:47","slug":"biblia-nvi-leia-e-anote-luxo-preta-e-dourada","status":"publish","type":"product","link":"https:\/\/www.livrariarema.com.br\/loja\/produtos\/biblias\/nvi\/biblia-nvi-leia-e-anote-luxo-preta-e-dourada\/","title":{"rendered":"B\u00edblia Leia E Anote &#8211; Nvi &#8211; Luxo &#8211; Preta E Dourada"},"content":{"rendered":"<p>B\u00edblia NVI &#8211; Leia e Anote, luxo traz um design cuidadosamente pensado para permitir que voc\u00ea fa\u00e7a anota\u00e7\u00f5es e coment\u00e1rios a partir da leitura das Escrituras. A edi\u00e7\u00e3o de luxo, na Nova Vers\u00e3o Internacional (NVI), tem um acabamento de alta qualidade que proporciona maior conforto para anota\u00e7\u00f5es e melhor visibilidade do texto. <\/p>\n<p>&#8211; Acabamento diferenciado<br \/>\n&#8211; Papel cor creme 56 gramas, que proporciona melhores condi\u00e7\u00f5es para as anota\u00e7\u00f5es<br \/>\n&#8211; Tamanho ideal para combinar boa leitura e espa\u00e7o para anotar<\/p>\n","protected":false},"excerpt":{"rendered":"<p>B\u00edblia NVI &#8211; Leia e Anote, luxo traz um design cuidadosamente pensado para permitir que voc\u00ea fa\u00e7a anota\u00e7\u00f5es e coment\u00e1rios&hellip;<\/p>\n","protected":false},"featured_media":325110,"comment_status":"open","ping_status":"closed","template":"","meta":[],"product_cat":[139,166],"product_tag":[],"_links":{"self":[{"href":"https:\/\/www.livrariarema.com.br\/loja\/wp-json\/wp\/v2\/product\/315528"}],"collection":[{"href":"https:\/\/www.livrariarema.com.br\/loja\/wp-json\/wp\/v2\/product"}],"about":[{"href":"https:\/\/www.livrariarema.com.br\/loja\/wp-json\/wp\/v2\/types\/product"}],"replies":[{"embeddable":true,"href":"https:\/\/www.livrariarema.com.br\/loja\/wp-json\/wp\/v2\/comments?post=315528"}],"wp:featuredmedia":[{"embeddable":true,"href":"https:\/\/www.livrariarema.com.br\/loja\/wp-json\/wp\/v2\/media\/325110"}],"wp:attachment":[{"href":"https:\/\/www.livrariarema.com.br\/loja\/wp-json\/wp\/v2\/media?parent=315528"}],"wp:term":[{"taxonomy":"product_cat","embeddable":true,"href":"https:\/\/www.livrariarema.com.br\/loja\/wp-json\/wp\/v2\/product_cat?post=315528"},{"taxonomy":"product_tag","embeddable":true,"href":"https:\/\/www.livrariarema.com.br\/loja\/wp-json\/wp\/v2\/product_tag?post=315528"}],"curies":[{"name":"wp","href":"https:\/\/api.w.org\/{rel}","templated":true}]}}