{"id":315625,"date":"2024-09-18T14:53:06","date_gmt":"2024-09-18T17:53:06","guid":{"rendered":"https:\/\/www.livrariarema.com.br\/loja\/produtos\/sem categoria\/um-ano-com-as-mulheres-da-biblia-365-meditacoes-dianne-neal-matthews\/"},"modified":"2025-12-17T19:50:36","modified_gmt":"2025-12-17T22:50:36","slug":"um-ano-com-as-mulheres-da-biblia-365-meditacoes-dianne-neal-matthews","status":"publish","type":"product","link":"https:\/\/www.livrariarema.com.br\/loja\/produtos\/livros\/devocional\/um-ano-com-as-mulheres-da-biblia-365-meditacoes-dianne-neal-matthews\/","title":{"rendered":"Um Ano Com As Mulheres Da B\u00edblia &#8211; 365 Medita\u00e7\u00f5es &#8211; Dianne Neal Matthews"},"content":{"rendered":"<p>O devocional, Um Ano com as Mulheres da B\u00edblia relaciona as experi\u00eancias vividas pelas mulheres da contemporaneidade com aquelas dos tempos b\u00edblicos.  <\/p>\n<p>Neste livro voc\u00ea encontrar\u00e1 hist\u00f3rias de alguns personagens, raramente abordadas por outros autores e preletores, mas que t\u00eam riqu\u00edssimas li\u00e7\u00f5es \u00e0 mulher atual. <\/p>\n<p>Por toda a B\u00edblia h\u00e1 hist\u00f3rias inspiradoras de mulheres que optaram por depositar sua f\u00e9 no Deus vivo. <\/p>\n<p>Os relatos s\u00e3o variados &#8211; Algumas vezes s\u00e3o belos, outras, cheios de percal\u00e7os e perplexidade e, outras vezes, simples e ternos. Contudo, Deus est\u00e1 sempre presente! O mesmo acontece atualmente. <\/p>\n<p>H\u00e1 uma diversidade de hist\u00f3rias vividas por mulheres &#8211; de desgosto ou alegria, fracasso ou sucesso, amor ou \u00f3dio, algumas tiveram \u00eaxito em sua caminhada com Deus e outras que s\u00e3o exemplos a se evitar. O mesmo Deus do passado est\u00e1 pronto para consolar e trazer a alegria, para curar e perdoar. <\/p>\n","protected":false},"excerpt":{"rendered":"<p>O devocional, Um Ano com as Mulheres da B\u00edblia relaciona as experi\u00eancias vividas pelas mulheres da contemporaneidade com aquelas dos&hellip;<\/p>\n","protected":false},"featured_media":338601,"comment_status":"open","ping_status":"closed","template":"","meta":[],"product_cat":[158,134],"product_tag":[],"_links":{"self":[{"href":"https:\/\/www.livrariarema.com.br\/loja\/wp-json\/wp\/v2\/product\/315625"}],"collection":[{"href":"https:\/\/www.livrariarema.com.br\/loja\/wp-json\/wp\/v2\/product"}],"about":[{"href":"https:\/\/www.livrariarema.com.br\/loja\/wp-json\/wp\/v2\/types\/product"}],"replies":[{"embeddable":true,"href":"https:\/\/www.livrariarema.com.br\/loja\/wp-json\/wp\/v2\/comments?post=315625"}],"wp:featuredmedia":[{"embeddable":true,"href":"https:\/\/www.livrariarema.com.br\/loja\/wp-json\/wp\/v2\/media\/338601"}],"wp:attachment":[{"href":"https:\/\/www.livrariarema.com.br\/loja\/wp-json\/wp\/v2\/media?parent=315625"}],"wp:term":[{"taxonomy":"product_cat","embeddable":true,"href":"https:\/\/www.livrariarema.com.br\/loja\/wp-json\/wp\/v2\/product_cat?post=315625"},{"taxonomy":"product_tag","embeddable":true,"href":"https:\/\/www.livrariarema.com.br\/loja\/wp-json\/wp\/v2\/product_tag?post=315625"}],"curies":[{"name":"wp","href":"https:\/\/api.w.org\/{rel}","templated":true}]}}