{"id":316216,"date":"2024-09-20T14:47:49","date_gmt":"2024-09-20T17:47:49","guid":{"rendered":"https:\/\/www.livrariarema.com.br\/loja\/produtos\/sem%20categoria\/ra63m-biblia-para-evangelizacao-capa-dura-leao\/"},"modified":"2026-02-20T10:30:33","modified_gmt":"2026-02-20T13:30:33","slug":"ra63m-biblia-para-evangelizacao-capa-dura-leao","status":"publish","type":"product","link":"https:\/\/www.livrariarema.com.br\/loja\/produtos\/biblias\/revista-atualizada\/ra63m-biblia-para-evangelizacao-capa-dura-leao\/","title":{"rendered":"Ra63m &#8211; B\u00edblia &#8211; Letra Normal &#8211; Capa Dura &#8211; Le\u00e3o"},"content":{"rendered":"<p>O le\u00e3o, s\u00edmbolo de for\u00e7a, coragem e realeza, captura a ess\u00eancia da grandeza e da dignidade.  Por seu valor acess\u00edvel, \u00e9 ideal para a\u00e7\u00f5es de evangeliza\u00e7\u00e3o. Cont\u00e9m um conjunto de recursos que fazem desta B\u00edblia uma excelente op\u00e7\u00e3o para o dia-a-dia.<\/p>\n","protected":false},"excerpt":{"rendered":"<p>O le\u00e3o, s\u00edmbolo de for\u00e7a, coragem e realeza, captura a ess\u00eancia da grandeza e da dignidade. Por seu valor acess\u00edvel,&hellip;<\/p>\n","protected":false},"featured_media":343953,"comment_status":"open","ping_status":"closed","template":"","meta":[],"product_cat":[139,173],"product_tag":[],"_links":{"self":[{"href":"https:\/\/www.livrariarema.com.br\/loja\/wp-json\/wp\/v2\/product\/316216"}],"collection":[{"href":"https:\/\/www.livrariarema.com.br\/loja\/wp-json\/wp\/v2\/product"}],"about":[{"href":"https:\/\/www.livrariarema.com.br\/loja\/wp-json\/wp\/v2\/types\/product"}],"replies":[{"embeddable":true,"href":"https:\/\/www.livrariarema.com.br\/loja\/wp-json\/wp\/v2\/comments?post=316216"}],"wp:featuredmedia":[{"embeddable":true,"href":"https:\/\/www.livrariarema.com.br\/loja\/wp-json\/wp\/v2\/media\/343953"}],"wp:attachment":[{"href":"https:\/\/www.livrariarema.com.br\/loja\/wp-json\/wp\/v2\/media?parent=316216"}],"wp:term":[{"taxonomy":"product_cat","embeddable":true,"href":"https:\/\/www.livrariarema.com.br\/loja\/wp-json\/wp\/v2\/product_cat?post=316216"},{"taxonomy":"product_tag","embeddable":true,"href":"https:\/\/www.livrariarema.com.br\/loja\/wp-json\/wp\/v2\/product_tag?post=316216"}],"curies":[{"name":"wp","href":"https:\/\/api.w.org\/{rel}","templated":true}]}}