{"id":316564,"date":"2024-09-21T09:37:23","date_gmt":"2024-09-21T12:37:23","guid":{"rendered":"https:\/\/www.livrariarema.com.br\/loja\/produtos\/sem categoria\/rad11-jovem-biblia-edicao-de-bolso-letra-normal-capa-ilustrada-azul-flor\/"},"modified":"2025-03-12T08:32:52","modified_gmt":"2025-03-12T11:32:52","slug":"rad11-jovem-biblia-edicao-de-bolso-letra-normal-capa-ilustrada-azul-flor","status":"publish","type":"product","link":"https:\/\/www.livrariarema.com.br\/loja\/produtos\/biblias\/revista-atualizada\/rad11-jovem-biblia-edicao-de-bolso-letra-normal-capa-ilustrada-azul-flor\/","title":{"rendered":"Rad11-Jovem &#8211; B\u00edblia Edi\u00e7\u00e3o De Bolso &#8211; Letra Normal &#8211; Capa Ilustrada &#8211; Azul Flor"},"content":{"rendered":"<p>Essa formata\u00e7\u00e3o \u00fanica n\u00e3o s\u00f3 enriquece a experi\u00eancia de leitura, mas tamb\u00e9m ajuda os leitores a reconhecer e refletir sobre a presen\u00e7a divina nas Escrituras. Ideal para uso pessoal, estudos em grupo e momentos de devo\u00e7\u00e3o, esta B\u00edblia promove uma conex\u00e3o mais profunda e reverente com os textos sagrados. Com uma tradu\u00e7\u00e3o fiel e uma apresenta\u00e7\u00e3o cuidadosa, ela \u00e9 um recurso indispens\u00e1vel para quem deseja aprofundar sua f\u00e9 e conhecimento espiritual.<\/p>\n","protected":false},"excerpt":{"rendered":"<p>Essa formata\u00e7\u00e3o \u00fanica n\u00e3o s\u00f3 enriquece a experi\u00eancia de leitura, mas tamb\u00e9m ajuda os leitores a reconhecer e refletir sobre&hellip;<\/p>\n","protected":false},"featured_media":316563,"comment_status":"open","ping_status":"closed","template":"","meta":[],"product_cat":[139,173],"product_tag":[],"_links":{"self":[{"href":"https:\/\/www.livrariarema.com.br\/loja\/wp-json\/wp\/v2\/product\/316564"}],"collection":[{"href":"https:\/\/www.livrariarema.com.br\/loja\/wp-json\/wp\/v2\/product"}],"about":[{"href":"https:\/\/www.livrariarema.com.br\/loja\/wp-json\/wp\/v2\/types\/product"}],"replies":[{"embeddable":true,"href":"https:\/\/www.livrariarema.com.br\/loja\/wp-json\/wp\/v2\/comments?post=316564"}],"wp:featuredmedia":[{"embeddable":true,"href":"https:\/\/www.livrariarema.com.br\/loja\/wp-json\/wp\/v2\/media\/316563"}],"wp:attachment":[{"href":"https:\/\/www.livrariarema.com.br\/loja\/wp-json\/wp\/v2\/media?parent=316564"}],"wp:term":[{"taxonomy":"product_cat","embeddable":true,"href":"https:\/\/www.livrariarema.com.br\/loja\/wp-json\/wp\/v2\/product_cat?post=316564"},{"taxonomy":"product_tag","embeddable":true,"href":"https:\/\/www.livrariarema.com.br\/loja\/wp-json\/wp\/v2\/product_tag?post=316564"}],"curies":[{"name":"wp","href":"https:\/\/api.w.org\/{rel}","templated":true}]}}