{"id":317344,"date":"2024-10-01T12:41:30","date_gmt":"2024-10-01T15:41:30","guid":{"rendered":"https:\/\/www.livrariarema.com.br\/loja\/produtos\/sem categoria\/lapiseira-molin-love-all-0-7mm\/"},"modified":"2026-04-25T11:40:21","modified_gmt":"2026-04-25T14:40:21","slug":"lapiseira-molin-love-all-0-7mm","status":"publish","type":"product","link":"https:\/\/www.livrariarema.com.br\/loja\/produtos\/papelaria\/lapiseira\/lapiseira-molin-love-all-0-7mm\/","title":{"rendered":"Lapiseira &#8211; Molin &#8211; Love All &#8211; 0.7Mm"},"content":{"rendered":"<p>A Lapiseira Love All 0.7mm da Molin \u00e9 uma explos\u00e3o de fofura e charme. Al\u00e9m de ser muito macia, \u00e9 de extrema qualidade e tem um design moderno.<\/p>\n<p>&#8211; Dispon\u00edvel em 4 modelos.<br \/>\n&#8211; Ponta 0.7mm.<br \/>\n&#8211; Boa resist\u00eancia e durabilidade.<br \/>\n&#8211; Tra\u00e7o macio.<\/p>\n<p>Registro Inmetro 001438\/2016<br \/>\n<Br><br \/>\n* Vendido Individualmente *<\/p>\n","protected":false},"excerpt":{"rendered":"<p>A Lapiseira Love All 0.7mm da Molin \u00e9 uma explos\u00e3o de fofura e charme. Al\u00e9m de ser muito macia, \u00e9&hellip;<\/p>\n","protected":false},"featured_media":334986,"comment_status":"open","ping_status":"closed","template":"","meta":[],"product_cat":[276,215],"product_tag":[],"_links":{"self":[{"href":"https:\/\/www.livrariarema.com.br\/loja\/wp-json\/wp\/v2\/product\/317344"}],"collection":[{"href":"https:\/\/www.livrariarema.com.br\/loja\/wp-json\/wp\/v2\/product"}],"about":[{"href":"https:\/\/www.livrariarema.com.br\/loja\/wp-json\/wp\/v2\/types\/product"}],"replies":[{"embeddable":true,"href":"https:\/\/www.livrariarema.com.br\/loja\/wp-json\/wp\/v2\/comments?post=317344"}],"wp:featuredmedia":[{"embeddable":true,"href":"https:\/\/www.livrariarema.com.br\/loja\/wp-json\/wp\/v2\/media\/334986"}],"wp:attachment":[{"href":"https:\/\/www.livrariarema.com.br\/loja\/wp-json\/wp\/v2\/media?parent=317344"}],"wp:term":[{"taxonomy":"product_cat","embeddable":true,"href":"https:\/\/www.livrariarema.com.br\/loja\/wp-json\/wp\/v2\/product_cat?post=317344"},{"taxonomy":"product_tag","embeddable":true,"href":"https:\/\/www.livrariarema.com.br\/loja\/wp-json\/wp\/v2\/product_tag?post=317344"}],"curies":[{"name":"wp","href":"https:\/\/api.w.org\/{rel}","templated":true}]}}