{"id":317758,"date":"2024-10-04T12:19:04","date_gmt":"2024-10-04T15:19:04","guid":{"rendered":"https:\/\/www.livrariarema.com.br\/loja\/produtos\/sem categoria\/caderno-de-ideias-kraft-curvas-sem-pauta\/"},"modified":"2025-12-18T12:11:11","modified_gmt":"2025-12-18T15:11:11","slug":"caderno-de-ideias-kraft-curvas-sem-pauta","status":"publish","type":"product","link":"https:\/\/www.livrariarema.com.br\/loja\/produtos\/papelaria\/caderno\/caderno-de-ideias-kraft-curvas-sem-pauta\/","title":{"rendered":"Caderno De Ideias &#8211; Kraft Curvas &#8211; Sem Pauta"},"content":{"rendered":"<p>Caderno miolo liso, 80 folhas em papel offset 120g (a caneta n\u00e3o passa para o outro lado), feito para voc\u00ea rabiscar, escrever, desenhar, pintar e expressar suas ideias e pensamentos como sua imagina\u00e7\u00e3o mandar! Capa dura, formato 14,5&#215;20,5cm, encaderna\u00e7\u00e3o wire-o e el\u00e1stico para fechamento.<\/p>\n","protected":false},"excerpt":{"rendered":"<p>Caderno miolo liso, 80 folhas em papel offset 120g (a caneta n\u00e3o passa para o outro lado), feito para voc\u00ea&hellip;<\/p>\n","protected":false},"featured_media":339752,"comment_status":"open","ping_status":"closed","template":"","meta":[],"product_cat":[230,215],"product_tag":[],"_links":{"self":[{"href":"https:\/\/www.livrariarema.com.br\/loja\/wp-json\/wp\/v2\/product\/317758"}],"collection":[{"href":"https:\/\/www.livrariarema.com.br\/loja\/wp-json\/wp\/v2\/product"}],"about":[{"href":"https:\/\/www.livrariarema.com.br\/loja\/wp-json\/wp\/v2\/types\/product"}],"replies":[{"embeddable":true,"href":"https:\/\/www.livrariarema.com.br\/loja\/wp-json\/wp\/v2\/comments?post=317758"}],"wp:featuredmedia":[{"embeddable":true,"href":"https:\/\/www.livrariarema.com.br\/loja\/wp-json\/wp\/v2\/media\/339752"}],"wp:attachment":[{"href":"https:\/\/www.livrariarema.com.br\/loja\/wp-json\/wp\/v2\/media?parent=317758"}],"wp:term":[{"taxonomy":"product_cat","embeddable":true,"href":"https:\/\/www.livrariarema.com.br\/loja\/wp-json\/wp\/v2\/product_cat?post=317758"},{"taxonomy":"product_tag","embeddable":true,"href":"https:\/\/www.livrariarema.com.br\/loja\/wp-json\/wp\/v2\/product_tag?post=317758"}],"curies":[{"name":"wp","href":"https:\/\/api.w.org\/{rel}","templated":true}]}}