{"id":318481,"date":"2024-10-07T13:04:05","date_gmt":"2024-10-07T16:04:05","guid":{"rendered":"https:\/\/www.livrariarema.com.br\/loja\/produtos\/sem categoria\/apoio-escolar-aprenda-a-escrever\/"},"modified":"2026-04-04T10:41:09","modified_gmt":"2026-04-04T13:41:09","slug":"apoio-escolar-aprenda-a-escrever","status":"publish","type":"product","link":"https:\/\/www.livrariarema.com.br\/loja\/produtos\/livros\/infantil\/apoio-escolar-aprenda-a-escrever\/","title":{"rendered":"Apoio Escolar &#8211; Aprenda A Escrever"},"content":{"rendered":"<p>Na fazenda da dona Rosa, todos gostam muito de estudar. Vamos aprender a escrever com a Ovelha Rosa na escola? Neste apoio escolar, voc\u00ea descobrir\u00e1 a leitura e a escrita com atividades de consci\u00eancia fonol\u00f3gica, como rima e alitera\u00e7\u00e3o, consci\u00eancia de frases, palavras, consci\u00eancia sil\u00e1bica, rela\u00e7\u00e3o letra x som (fonemas), identifica\u00e7\u00e3o das quatro formas das letras &#8211; mai\u00fasculas, min\u00fasculas, bast\u00e3o e cursiva, etc. Muita aprendizagem e divers\u00e3o com atividades significativas!<\/p>\n","protected":false},"excerpt":{"rendered":"<p>Na fazenda da dona Rosa, todos gostam muito de estudar. Vamos aprender a escrever com a Ovelha Rosa na escola?&hellip;<\/p>\n","protected":false},"featured_media":319019,"comment_status":"open","ping_status":"closed","template":"","meta":[],"product_cat":[144,134],"product_tag":[],"_links":{"self":[{"href":"https:\/\/www.livrariarema.com.br\/loja\/wp-json\/wp\/v2\/product\/318481"}],"collection":[{"href":"https:\/\/www.livrariarema.com.br\/loja\/wp-json\/wp\/v2\/product"}],"about":[{"href":"https:\/\/www.livrariarema.com.br\/loja\/wp-json\/wp\/v2\/types\/product"}],"replies":[{"embeddable":true,"href":"https:\/\/www.livrariarema.com.br\/loja\/wp-json\/wp\/v2\/comments?post=318481"}],"wp:featuredmedia":[{"embeddable":true,"href":"https:\/\/www.livrariarema.com.br\/loja\/wp-json\/wp\/v2\/media\/319019"}],"wp:attachment":[{"href":"https:\/\/www.livrariarema.com.br\/loja\/wp-json\/wp\/v2\/media?parent=318481"}],"wp:term":[{"taxonomy":"product_cat","embeddable":true,"href":"https:\/\/www.livrariarema.com.br\/loja\/wp-json\/wp\/v2\/product_cat?post=318481"},{"taxonomy":"product_tag","embeddable":true,"href":"https:\/\/www.livrariarema.com.br\/loja\/wp-json\/wp\/v2\/product_tag?post=318481"}],"curies":[{"name":"wp","href":"https:\/\/api.w.org\/{rel}","templated":true}]}}