{"id":318495,"date":"2024-10-07T13:04:46","date_gmt":"2024-10-07T16:04:46","guid":{"rendered":"https:\/\/www.livrariarema.com.br\/loja\/produtos\/sem categoria\/365-caca-palavras-paises-capitais-e-cidades\/"},"modified":"2026-03-17T15:40:36","modified_gmt":"2026-03-17T18:40:36","slug":"365-caca-palavras-paises-capitais-e-cidades","status":"publish","type":"product","link":"https:\/\/www.livrariarema.com.br\/loja\/produtos\/livros\/cruzadas-caca-palavras-jogos\/365-caca-palavras-paises-capitais-e-cidades\/","title":{"rendered":"365 Ca\u00e7a-Palavras &#8211; Pa\u00edses, Capitais E Cidades"},"content":{"rendered":"<p>Enrique\u00e7a seu vocabul\u00e1rio, melhore sua mem\u00f3ria e aprenda nomes de muitos pa\u00edses, capitais e cidades do mundo todo!<\/p>\n","protected":false},"excerpt":{"rendered":"<p>Enrique\u00e7a seu vocabul\u00e1rio, melhore sua mem\u00f3ria e aprenda nomes de muitos pa\u00edses, capitais e cidades do mundo todo!<\/p>\n","protected":false},"featured_media":341312,"comment_status":"open","ping_status":"closed","template":"","meta":[],"product_cat":[338,134],"product_tag":[],"_links":{"self":[{"href":"https:\/\/www.livrariarema.com.br\/loja\/wp-json\/wp\/v2\/product\/318495"}],"collection":[{"href":"https:\/\/www.livrariarema.com.br\/loja\/wp-json\/wp\/v2\/product"}],"about":[{"href":"https:\/\/www.livrariarema.com.br\/loja\/wp-json\/wp\/v2\/types\/product"}],"replies":[{"embeddable":true,"href":"https:\/\/www.livrariarema.com.br\/loja\/wp-json\/wp\/v2\/comments?post=318495"}],"wp:featuredmedia":[{"embeddable":true,"href":"https:\/\/www.livrariarema.com.br\/loja\/wp-json\/wp\/v2\/media\/341312"}],"wp:attachment":[{"href":"https:\/\/www.livrariarema.com.br\/loja\/wp-json\/wp\/v2\/media?parent=318495"}],"wp:term":[{"taxonomy":"product_cat","embeddable":true,"href":"https:\/\/www.livrariarema.com.br\/loja\/wp-json\/wp\/v2\/product_cat?post=318495"},{"taxonomy":"product_tag","embeddable":true,"href":"https:\/\/www.livrariarema.com.br\/loja\/wp-json\/wp\/v2\/product_tag?post=318495"}],"curies":[{"name":"wp","href":"https:\/\/api.w.org\/{rel}","templated":true}]}}