{"id":318515,"date":"2024-10-07T13:06:39","date_gmt":"2024-10-07T16:06:39","guid":{"rendered":"https:\/\/www.livrariarema.com.br\/loja\/produtos\/sem categoria\/os-pioneiros-americanos-livro-5-a-margem-da-lagoa-prateada-laura-ingalls-wilder\/"},"modified":"2026-02-28T11:31:22","modified_gmt":"2026-02-28T14:31:22","slug":"os-pioneiros-americanos-livro-5-a-margem-da-lagoa-prateada-laura-ingalls-wilder","status":"publish","type":"product","link":"https:\/\/www.livrariarema.com.br\/loja\/produtos\/livros\/juvenil\/os-pioneiros-americanos-livro-5-a-margem-da-lagoa-prateada-laura-ingalls-wilder\/","title":{"rendered":"Os Pioneiros Americanos &#8211; Livro 5 &#8211; A Margem Da Lagoa Prateada &#8211; Laura Ingalls Wilder"},"content":{"rendered":"<p>As aventuras de Laura Ingalls e sua fam\u00edlia continuam quando eles se mudam da pequena casa \u00e0s margens de Plum Creek para o deserto do inst\u00e1vel territ\u00f3rio de Dakota. Pa passa a trabalhar na ferrovia, enquanto procura a propriedade ideal para construir a nova casa. Ele \u00e9 um dos primeiros moradores da cidade que ser\u00e1 constru\u00edda em apenas duas semanas! Para Laura, acabaram-se as viagens de carro\u00e7a, e ela, acompanhada das irm\u00e3s e da m\u00e3e, faz sua primeira viagem de trem quando se mudam para Silver Lake. Uma verdadeira aventura que s\u00f3 terminar\u00e1 \u00e0 margem da Lagoa Prateada!<\/p>\n","protected":false},"excerpt":{"rendered":"<p>As aventuras de Laura Ingalls e sua fam\u00edlia continuam quando eles se mudam da pequena casa \u00e0s margens de Plum&hellip;<\/p>\n","protected":false},"featured_media":335742,"comment_status":"open","ping_status":"closed","template":"","meta":[],"product_cat":[184,134],"product_tag":[],"_links":{"self":[{"href":"https:\/\/www.livrariarema.com.br\/loja\/wp-json\/wp\/v2\/product\/318515"}],"collection":[{"href":"https:\/\/www.livrariarema.com.br\/loja\/wp-json\/wp\/v2\/product"}],"about":[{"href":"https:\/\/www.livrariarema.com.br\/loja\/wp-json\/wp\/v2\/types\/product"}],"replies":[{"embeddable":true,"href":"https:\/\/www.livrariarema.com.br\/loja\/wp-json\/wp\/v2\/comments?post=318515"}],"wp:featuredmedia":[{"embeddable":true,"href":"https:\/\/www.livrariarema.com.br\/loja\/wp-json\/wp\/v2\/media\/335742"}],"wp:attachment":[{"href":"https:\/\/www.livrariarema.com.br\/loja\/wp-json\/wp\/v2\/media?parent=318515"}],"wp:term":[{"taxonomy":"product_cat","embeddable":true,"href":"https:\/\/www.livrariarema.com.br\/loja\/wp-json\/wp\/v2\/product_cat?post=318515"},{"taxonomy":"product_tag","embeddable":true,"href":"https:\/\/www.livrariarema.com.br\/loja\/wp-json\/wp\/v2\/product_tag?post=318515"}],"curies":[{"name":"wp","href":"https:\/\/api.w.org\/{rel}","templated":true}]}}