{"id":319054,"date":"2024-10-09T09:49:14","date_gmt":"2024-10-09T12:49:14","guid":{"rendered":"https:\/\/www.livrariarema.com.br\/loja\/produtos\/sem%20categoria\/planner-estacoes-viviane-martinello-capa-promessa\/"},"modified":"2025-02-10T14:39:06","modified_gmt":"2025-02-10T17:39:06","slug":"planner-estacoes-viviane-martinello-capa-promessa","status":"publish","type":"product","link":"https:\/\/www.livrariarema.com.br\/loja\/produtos\/papelaria\/agenda\/planner-estacoes-viviane-martinello-capa-promessa\/","title":{"rendered":"Planner Esta\u00e7\u00f5es &#8211; Capa Promessa &#8211; Viviane Martinello"},"content":{"rendered":"<p>O Planner, by Viviane Martinello, \u00e9 um produto \u00fanico no mercado por unir tarefas do cotidiano, cuidado pessoal e familiar, espiritualidade e sa\u00fade. Al\u00e9m do tradicional espa\u00e7o para anota\u00e7\u00f5es de todas as suas tarefas, voc\u00ea encontrar\u00e1 guia de autocuidado e autoconhecimento, direcionamento para tempo de qualidade com sua fam\u00edlia, espa\u00e7o para anota\u00e7\u00e3o de seu devocional, plano de leitura b\u00edblica e muito mais.<\/p>\n","protected":false},"excerpt":{"rendered":"<p>O Planner, by Viviane Martinello, \u00e9 um produto \u00fanico no mercado por unir tarefas do cotidiano, cuidado pessoal e familiar,&hellip;<\/p>\n","protected":false},"featured_media":325352,"comment_status":"open","ping_status":"closed","template":"","meta":[],"product_cat":[248,215],"product_tag":[],"_links":{"self":[{"href":"https:\/\/www.livrariarema.com.br\/loja\/wp-json\/wp\/v2\/product\/319054"}],"collection":[{"href":"https:\/\/www.livrariarema.com.br\/loja\/wp-json\/wp\/v2\/product"}],"about":[{"href":"https:\/\/www.livrariarema.com.br\/loja\/wp-json\/wp\/v2\/types\/product"}],"replies":[{"embeddable":true,"href":"https:\/\/www.livrariarema.com.br\/loja\/wp-json\/wp\/v2\/comments?post=319054"}],"wp:featuredmedia":[{"embeddable":true,"href":"https:\/\/www.livrariarema.com.br\/loja\/wp-json\/wp\/v2\/media\/325352"}],"wp:attachment":[{"href":"https:\/\/www.livrariarema.com.br\/loja\/wp-json\/wp\/v2\/media?parent=319054"}],"wp:term":[{"taxonomy":"product_cat","embeddable":true,"href":"https:\/\/www.livrariarema.com.br\/loja\/wp-json\/wp\/v2\/product_cat?post=319054"},{"taxonomy":"product_tag","embeddable":true,"href":"https:\/\/www.livrariarema.com.br\/loja\/wp-json\/wp\/v2\/product_tag?post=319054"}],"curies":[{"name":"wp","href":"https:\/\/api.w.org\/{rel}","templated":true}]}}