{"id":319394,"date":"2024-10-10T13:57:40","date_gmt":"2024-10-10T16:57:40","guid":{"rendered":"https:\/\/www.livrariarema.com.br\/loja\/produtos\/sem categoria\/os-clas-da-lua-sara-gusella\/"},"modified":"2026-04-06T16:40:38","modified_gmt":"2026-04-06T19:40:38","slug":"os-clas-da-lua-sara-gusella","status":"publish","type":"product","link":"https:\/\/www.livrariarema.com.br\/loja\/produtos\/livros\/ficcao\/os-clas-da-lua-sara-gusella\/","title":{"rendered":"Os Cl\u00e3s Da Lua &#8211; Sara Gusella"},"content":{"rendered":"<p>ELA PODE SER A CHAVE PARA O CUMPRIMENTO DE UMA ANTIGA PROMESSA.<\/p>\n<p>Em um futuro distante, a Terra se tornou inabit\u00e1vel, for\u00e7ando a humanidade a buscar ref\u00fagio na Lua. L\u00e1, descobriram os lunares, uma ra\u00e7a semelhante aos humanos, exceto pelo tom de pele prateado. Uma fr\u00e1gil paz foi estabelecida, at\u00e9 que um grupo de lunares, temendo a tecnologia e o avan\u00e7o humano, rompeu a harmonia e, em um ataque surpresa, instaurou o opressivo Imp\u00e9rio Lunar.<\/p>\n<p>S\u00e9culos depois, os humanos vivem escravizados, agarrados a uma antiga profecia que promete a liberdade e o retorno da humanidade \u00e0 Terra. Princesa do Imp\u00e9rio Lunar, Taluya se prepara para o tradicional Baile dos Cl\u00e3s, onde dever\u00e1 escolher um marido e fortalecer alian\u00e7as pol\u00edticas. No entanto, sua vida d\u00e1 uma reviravolta depois que ela descobre uma verdade surpreendente sobre si mesma.<\/p>\n<p>Com a ajuda de um rob\u00f4 sentimental e de Elliot, um humano desconfiado, Taluya lutar\u00e1 para desvendar os segredos enterrados sob a superf\u00edcie lunar e ter\u00e1 sua lealdade testada, enquanto decide se aceitar\u00e1 o chamado da Gravidade, uma for\u00e7a ancestral que a escolheu para mudar o destino de humanos e lunares.<\/p>\n","protected":false},"excerpt":{"rendered":"<p>ELA PODE SER A CHAVE PARA O CUMPRIMENTO DE UMA ANTIGA PROMESSA. Em um futuro distante, a Terra se tornou&hellip;<\/p>\n","protected":false},"featured_media":345743,"comment_status":"open","ping_status":"closed","template":"","meta":[],"product_cat":[162,134],"product_tag":[],"_links":{"self":[{"href":"https:\/\/www.livrariarema.com.br\/loja\/wp-json\/wp\/v2\/product\/319394"}],"collection":[{"href":"https:\/\/www.livrariarema.com.br\/loja\/wp-json\/wp\/v2\/product"}],"about":[{"href":"https:\/\/www.livrariarema.com.br\/loja\/wp-json\/wp\/v2\/types\/product"}],"replies":[{"embeddable":true,"href":"https:\/\/www.livrariarema.com.br\/loja\/wp-json\/wp\/v2\/comments?post=319394"}],"wp:featuredmedia":[{"embeddable":true,"href":"https:\/\/www.livrariarema.com.br\/loja\/wp-json\/wp\/v2\/media\/345743"}],"wp:attachment":[{"href":"https:\/\/www.livrariarema.com.br\/loja\/wp-json\/wp\/v2\/media?parent=319394"}],"wp:term":[{"taxonomy":"product_cat","embeddable":true,"href":"https:\/\/www.livrariarema.com.br\/loja\/wp-json\/wp\/v2\/product_cat?post=319394"},{"taxonomy":"product_tag","embeddable":true,"href":"https:\/\/www.livrariarema.com.br\/loja\/wp-json\/wp\/v2\/product_tag?post=319394"}],"curies":[{"name":"wp","href":"https:\/\/api.w.org\/{rel}","templated":true}]}}