{"id":319412,"date":"2024-10-10T13:59:13","date_gmt":"2024-10-10T16:59:13","guid":{"rendered":"https:\/\/www.livrariarema.com.br\/loja\/produtos\/sem categoria\/biblia-leitura-perfeita-acf-letra-grande-capa-dura-tesouro-sagrado\/"},"modified":"2026-03-21T09:50:41","modified_gmt":"2026-03-21T12:50:41","slug":"biblia-leitura-perfeita-acf-letra-grande-capa-dura-tesouro-sagrado","status":"publish","type":"product","link":"https:\/\/www.livrariarema.com.br\/loja\/produtos\/biblias\/revista-corrigida-fiel\/biblia-leitura-perfeita-acf-letra-grande-capa-dura-tesouro-sagrado\/","title":{"rendered":"B\u00edblia Leitura Perfeita &#8211; Acf &#8211; Letra Grande &#8211; Capa Dura &#8211; Tesouro Sagrado"},"content":{"rendered":"<p>A PALAVRA DE DEUS \u00c9 A NOSSA HERAN\u00c7A MAIS PRECIOSA<\/p>\n<p>A B\u00edblia \u00e9 o livro mais pessoal da vida de algu\u00e9m. Ela \u00e9 canal de conhecimento, crescimento e transforma\u00e7\u00e3o. Verdadeira companheira em nosso dia a dia, \u00e9 para ela que corremos quando precisamos de consolo e ajuda, confrontamento e corre\u00e7\u00e3o; atrav\u00e9s de seu texto n\u00f3s podemos conhecer o Deus que nos criou.<br \/>\nPor ser objeto de estudo frequente, nada melhor do que ter suas palavras veiculadas de forma a desfrutar do maior conforto poss\u00edvel na hora da leitura. A B\u00edblia Tesouro Sagrado proporciona exatamente isso: a letra \u00e9 grande e est\u00e1 formatada na fonte Leitura Perfeita, uma exclusividade Thomas Nelson Brasil que torna a leitura muito mais fluida; a tradu\u00e7\u00e3o \u00e9 a Almeida Corrigida Fiel, conhecida por ser uma tradu\u00e7\u00e3o cl\u00e1ssica que preserva toda a tradi\u00e7\u00e3o de Jo\u00e3o Ferreira de Almeida. O design de capa com arabescos \u00e9 sofisticado, e o acabamento em capa dura garante durabilidade e resist\u00eancia. O resultado \u00e9 uma B\u00edblia que une praticidade e design, com a confiabilidade ACF, perfeita para se tornar a companheira dos seus dias.<\/p>\n","protected":false},"excerpt":{"rendered":"<p>A PALAVRA DE DEUS \u00c9 A NOSSA HERAN\u00c7A MAIS PRECIOSA A B\u00edblia \u00e9 o livro mais pessoal da vida de&hellip;<\/p>\n","protected":false},"featured_media":345244,"comment_status":"open","ping_status":"closed","template":"","meta":[],"product_cat":[139,212],"product_tag":[],"_links":{"self":[{"href":"https:\/\/www.livrariarema.com.br\/loja\/wp-json\/wp\/v2\/product\/319412"}],"collection":[{"href":"https:\/\/www.livrariarema.com.br\/loja\/wp-json\/wp\/v2\/product"}],"about":[{"href":"https:\/\/www.livrariarema.com.br\/loja\/wp-json\/wp\/v2\/types\/product"}],"replies":[{"embeddable":true,"href":"https:\/\/www.livrariarema.com.br\/loja\/wp-json\/wp\/v2\/comments?post=319412"}],"wp:featuredmedia":[{"embeddable":true,"href":"https:\/\/www.livrariarema.com.br\/loja\/wp-json\/wp\/v2\/media\/345244"}],"wp:attachment":[{"href":"https:\/\/www.livrariarema.com.br\/loja\/wp-json\/wp\/v2\/media?parent=319412"}],"wp:term":[{"taxonomy":"product_cat","embeddable":true,"href":"https:\/\/www.livrariarema.com.br\/loja\/wp-json\/wp\/v2\/product_cat?post=319412"},{"taxonomy":"product_tag","embeddable":true,"href":"https:\/\/www.livrariarema.com.br\/loja\/wp-json\/wp\/v2\/product_tag?post=319412"}],"curies":[{"name":"wp","href":"https:\/\/api.w.org\/{rel}","templated":true}]}}