{"id":319475,"date":"2024-10-10T14:04:05","date_gmt":"2024-10-10T17:04:05","guid":{"rendered":"https:\/\/www.livrariarema.com.br\/loja\/produtos\/sem categoria\/biblia-nvi-slim-couro-soft-letra-grande-couro-soft-azul-sobre-capa-dura-abstrata\/"},"modified":"2026-02-24T12:24:55","modified_gmt":"2026-02-24T15:24:55","slug":"biblia-nvi-slim-couro-soft-letra-grande-couro-soft-azul-sobre-capa-dura-abstrata","status":"publish","type":"product","link":"https:\/\/www.livrariarema.com.br\/loja\/produtos\/biblias\/nvi\/biblia-nvi-slim-couro-soft-letra-grande-couro-soft-azul-sobre-capa-dura-abstrata\/","title":{"rendered":"B\u00edblia &#8211; Nvi &#8211; Slim &#8211; Couro Soft &#8211; Letra Grande &#8211; Couro-Soft Azul Sobre Capa Dura &#8211; Abstrata"},"content":{"rendered":"<p>A B\u00edblia Slim NVI, Letra Grande, Couro-soft azul sobre capa dura, Abstrata combina os benef\u00edcios de uma B\u00edblia compacta com a qualidade Thomas Nelson Brasil. Ela oferece uma leitura confort\u00e1vel, facilidade no manuseio, toque macio na capa e acabamento luxo.  <Br><br \/>\n <Br><br \/>\nCaracter\u00edsticas:<Br><br \/>\nTexto na tradu\u00e7\u00e3o NVI (Nova Vers\u00e3o Internacional)<Br><br \/>\nLetra grande<Br><br \/>\nCapa em Couro-soft (PU)<Br><br \/>\nTrilateral dourada<Br><br \/>\nAplica\u00e7\u00e3o de hotstamp<Br><br \/>\nFitilho colorido<Br><\/p>\n","protected":false},"excerpt":{"rendered":"<p>A B\u00edblia Slim NVI, Letra Grande, Couro-soft azul sobre capa dura, Abstrata combina os benef\u00edcios de uma B\u00edblia compacta com&hellip;<\/p>\n","protected":false},"featured_media":345320,"comment_status":"open","ping_status":"closed","template":"","meta":[],"product_cat":[139,166],"product_tag":[],"_links":{"self":[{"href":"https:\/\/www.livrariarema.com.br\/loja\/wp-json\/wp\/v2\/product\/319475"}],"collection":[{"href":"https:\/\/www.livrariarema.com.br\/loja\/wp-json\/wp\/v2\/product"}],"about":[{"href":"https:\/\/www.livrariarema.com.br\/loja\/wp-json\/wp\/v2\/types\/product"}],"replies":[{"embeddable":true,"href":"https:\/\/www.livrariarema.com.br\/loja\/wp-json\/wp\/v2\/comments?post=319475"}],"wp:featuredmedia":[{"embeddable":true,"href":"https:\/\/www.livrariarema.com.br\/loja\/wp-json\/wp\/v2\/media\/345320"}],"wp:attachment":[{"href":"https:\/\/www.livrariarema.com.br\/loja\/wp-json\/wp\/v2\/media?parent=319475"}],"wp:term":[{"taxonomy":"product_cat","embeddable":true,"href":"https:\/\/www.livrariarema.com.br\/loja\/wp-json\/wp\/v2\/product_cat?post=319475"},{"taxonomy":"product_tag","embeddable":true,"href":"https:\/\/www.livrariarema.com.br\/loja\/wp-json\/wp\/v2\/product_tag?post=319475"}],"curies":[{"name":"wp","href":"https:\/\/api.w.org\/{rel}","templated":true}]}}