{"id":319482,"date":"2024-10-10T14:04:29","date_gmt":"2024-10-10T17:04:29","guid":{"rendered":"https:\/\/www.livrariarema.com.br\/loja\/produtos\/sem categoria\/deixa-nevar-camila-antunes\/"},"modified":"2026-04-24T11:07:44","modified_gmt":"2026-04-24T14:07:44","slug":"deixa-nevar-camila-antunes","status":"publish","type":"product","link":"https:\/\/www.livrariarema.com.br\/loja\/produtos\/livros\/romance\/deixa-nevar-camila-antunes\/","title":{"rendered":"Deixa Nevar &#8211; Camila Antunes"},"content":{"rendered":"<p>N\u00c3O SE PODE IGNORAR INVERNO<\/p>\n<p>V\u00e2nia \u00e9 uma talentosa designer de joias cuja vida parece cada dia mais sem rumo. Quando Marco Remi, o cobi\u00e7ado herdeiro de uma das fam\u00edlias mais ricas do pa\u00eds, entra pela porta de sua joalheria pela primeira vez, \u00e9 dif\u00edcil n\u00e3o pensar que ele pode ser exatamente a distra\u00e7\u00e3o que ela tanto precisa. N\u00e3o fosse o fato de que ele est\u00e1 ali para devolver a pe\u00e7a mais exclusiva que ela j\u00e1 produziu. E se, por acaso, a pe\u00e7a em quest\u00e3o n\u00e3o fosse um anel de noivado.<\/p>\n<p>Mas quando o destino coloca os dois &#8211; literalmente &#8211; no mesmo caminho, marcar um encontro parece t\u00e3o inevit\u00e1vel quanto o calor de 40 graus do Rio de Janeiro. Eles buscam consolo um no outro e uma fuga moment\u00e2nea dos problemas.<\/p>\n<p>Embora o cora\u00e7\u00e3o de V\u00e2nia insista em acelerar perto de Marco, ela n\u00e3o imagina que o envolvimento entre eles possa ser marcante &#8211; exceto por um hematoma na costela, \u00e9 claro. Afinal, como poderia ser diferente?<\/p>\n<p>Em meio a descobertas e reviravoltas, V\u00e2nia vai precisar encarar suas dores, lidar com as escolhas do passado e superar a culpa para desfrutar do amor verdadeiro e encontrar a felicidade.<\/p>\n","protected":false},"excerpt":{"rendered":"<p>N\u00c3O SE PODE IGNORAR INVERNO V\u00e2nia \u00e9 uma talentosa designer de joias cuja vida parece cada dia mais sem rumo.&hellip;<\/p>\n","protected":false},"featured_media":347172,"comment_status":"open","ping_status":"closed","template":"","meta":[],"product_cat":[134,182],"product_tag":[],"_links":{"self":[{"href":"https:\/\/www.livrariarema.com.br\/loja\/wp-json\/wp\/v2\/product\/319482"}],"collection":[{"href":"https:\/\/www.livrariarema.com.br\/loja\/wp-json\/wp\/v2\/product"}],"about":[{"href":"https:\/\/www.livrariarema.com.br\/loja\/wp-json\/wp\/v2\/types\/product"}],"replies":[{"embeddable":true,"href":"https:\/\/www.livrariarema.com.br\/loja\/wp-json\/wp\/v2\/comments?post=319482"}],"wp:featuredmedia":[{"embeddable":true,"href":"https:\/\/www.livrariarema.com.br\/loja\/wp-json\/wp\/v2\/media\/347172"}],"wp:attachment":[{"href":"https:\/\/www.livrariarema.com.br\/loja\/wp-json\/wp\/v2\/media?parent=319482"}],"wp:term":[{"taxonomy":"product_cat","embeddable":true,"href":"https:\/\/www.livrariarema.com.br\/loja\/wp-json\/wp\/v2\/product_cat?post=319482"},{"taxonomy":"product_tag","embeddable":true,"href":"https:\/\/www.livrariarema.com.br\/loja\/wp-json\/wp\/v2\/product_tag?post=319482"}],"curies":[{"name":"wp","href":"https:\/\/api.w.org\/{rel}","templated":true}]}}