{"id":320927,"date":"2024-10-22T17:24:39","date_gmt":"2024-10-22T20:24:39","guid":{"rendered":"https:\/\/www.livrariarema.com.br\/loja\/produtos\/sem%20categoria\/ate-quando-aileen-s-carroll-e-sergio-andrade\/"},"modified":"2025-11-06T13:06:12","modified_gmt":"2025-11-06T16:06:12","slug":"ate-quando-aileen-s-carroll-e-sergio-andrade","status":"publish","type":"product","link":"https:\/\/www.livrariarema.com.br\/loja\/produtos\/promocao\/livros-promocao\/ate-quando-aileen-s-carroll-e-sergio-andrade\/","title":{"rendered":"At\u00e9 Quando &#8211; Aileen S. Carroll E S\u00e9rgio Andrade"},"content":{"rendered":"<p>As palavras de Martin Luther King &#8220;N\u00e3o \u00e0 viol\u00eancia do cora\u00e7\u00e3o, n\u00e3o \u00e0 viol\u00eancia da palavra, n\u00e3o \u00e0 viol\u00eancia do punho&#8221;s\u00e3o ainda bastante atuais. E a viol\u00eancia contra a mulher praticada por parceiro \u00edntimo n\u00e3o poupa a igreja.<\/p>\n<p>At\u00e9 Quando? mostra a import\u00e2ncia e o papel da comunidade de f\u00e9 nessa quest\u00e3o, especialmente, nos momentos mais sombrios, quando a mulher sofre les\u00f5es f\u00edsicas e feridas psicol\u00f3gicas nas m\u00e3os da pessoa que mais deveria am\u00e1-la e proteg\u00ea-la. <br \/>\nTamb\u00e9m aponta caminhos para a capacita\u00e7\u00e3o das igrejas para acompanharem b\u00edblica e pastoralmente pessoas que sofrem viol\u00eancia e pessoas que usam a viol\u00eancia.<\/p>\n","protected":false},"excerpt":{"rendered":"<p>As palavras de Martin Luther King &#8220;N\u00e3o \u00e0 viol\u00eancia do cora\u00e7\u00e3o, n\u00e3o \u00e0 viol\u00eancia da palavra, n\u00e3o \u00e0 viol\u00eancia do&hellip;<\/p>\n","protected":false},"featured_media":340655,"comment_status":"open","ping_status":"closed","template":"","meta":[],"product_cat":[143,142],"product_tag":[],"_links":{"self":[{"href":"https:\/\/www.livrariarema.com.br\/loja\/wp-json\/wp\/v2\/product\/320927"}],"collection":[{"href":"https:\/\/www.livrariarema.com.br\/loja\/wp-json\/wp\/v2\/product"}],"about":[{"href":"https:\/\/www.livrariarema.com.br\/loja\/wp-json\/wp\/v2\/types\/product"}],"replies":[{"embeddable":true,"href":"https:\/\/www.livrariarema.com.br\/loja\/wp-json\/wp\/v2\/comments?post=320927"}],"wp:featuredmedia":[{"embeddable":true,"href":"https:\/\/www.livrariarema.com.br\/loja\/wp-json\/wp\/v2\/media\/340655"}],"wp:attachment":[{"href":"https:\/\/www.livrariarema.com.br\/loja\/wp-json\/wp\/v2\/media?parent=320927"}],"wp:term":[{"taxonomy":"product_cat","embeddable":true,"href":"https:\/\/www.livrariarema.com.br\/loja\/wp-json\/wp\/v2\/product_cat?post=320927"},{"taxonomy":"product_tag","embeddable":true,"href":"https:\/\/www.livrariarema.com.br\/loja\/wp-json\/wp\/v2\/product_tag?post=320927"}],"curies":[{"name":"wp","href":"https:\/\/api.w.org\/{rel}","templated":true}]}}

Até Quando &#8211; Aileen S. Carroll E Sérgio Andrade

<p>As palavras de Martin Luther King &#8220;Não à violência do coração, não à violência da palavra, não à violência do punho&#8221;são ainda bastante atuais. E a violência contra a mulher praticada por parceiro íntimo não poupa a igreja.</p>
<p>Até Quando? mostra a importância e o papel da comunidade de fé nessa questão, especialmente, nos momentos mais sombrios, quando a mulher sofre lesões físicas e feridas psicológicas nas mãos da pessoa que mais deveria amá-la e protegê-la. <br />
Também aponta caminhos para a capacitação das igrejas para acompanharem bíblica e pastoralmente pessoas que sofrem violência e pessoas que usam a violência.</p>

<p>As palavras de Martin Luther King &#8220;Não à violência do coração, não à violência da palavra, não à violência do&hellip;</p>
