{"id":321673,"date":"2024-10-30T14:16:36","date_gmt":"2024-10-30T17:16:36","guid":{"rendered":"https:\/\/www.livrariarema.com.br\/loja\/produtos\/sem%20categoria\/joia-escondida-a-amy-carmichael-dave-jackson-e-neta-jackson\/"},"modified":"2026-04-15T10:30:30","modified_gmt":"2026-04-15T13:30:30","slug":"joia-escondida-a-amy-carmichael-dave-jackson-e-neta-jackson","status":"publish","type":"product","link":"https:\/\/www.livrariarema.com.br\/loja\/produtos\/livros\/biografia\/joia-escondida-a-amy-carmichael-dave-jackson-e-neta-jackson\/","title":{"rendered":"J\u00f3ia Escondida, A &#8211; Amy Carmichael &#8211; Dave Jackson E Neta Jackson"},"content":{"rendered":"<p>Tudo na \u00edndia cheirava a aventura para John Knight, um menino ingl\u00eas de 14 anos. Ao conhecer a mission\u00e1ria irlandesa Amy Carmichael, o cora\u00e7\u00e3o de John \u00e9 abalado quando conhece J\u00f3ia, uma garota indiana, resgatada por Amy, uma &#8220;noiva infantil&#8221;, for\u00e7ada por seu malvado tio a casar-se com um velho! Teria o pai de John, um oficial do governo brit\u00e2nico, de sustentar essa horr\u00edvel lei? Quem salvaria J\u00f3ia?<\/p>\n","protected":false},"excerpt":{"rendered":"<p>Tudo na \u00edndia cheirava a aventura para John Knight, um menino ingl\u00eas de 14 anos. Ao conhecer a mission\u00e1ria irlandesa&hellip;<\/p>\n","protected":false},"featured_media":345988,"comment_status":"open","ping_status":"closed","template":"","meta":[],"product_cat":[181,134],"product_tag":[],"_links":{"self":[{"href":"https:\/\/www.livrariarema.com.br\/loja\/wp-json\/wp\/v2\/product\/321673"}],"collection":[{"href":"https:\/\/www.livrariarema.com.br\/loja\/wp-json\/wp\/v2\/product"}],"about":[{"href":"https:\/\/www.livrariarema.com.br\/loja\/wp-json\/wp\/v2\/types\/product"}],"replies":[{"embeddable":true,"href":"https:\/\/www.livrariarema.com.br\/loja\/wp-json\/wp\/v2\/comments?post=321673"}],"wp:featuredmedia":[{"embeddable":true,"href":"https:\/\/www.livrariarema.com.br\/loja\/wp-json\/wp\/v2\/media\/345988"}],"wp:attachment":[{"href":"https:\/\/www.livrariarema.com.br\/loja\/wp-json\/wp\/v2\/media?parent=321673"}],"wp:term":[{"taxonomy":"product_cat","embeddable":true,"href":"https:\/\/www.livrariarema.com.br\/loja\/wp-json\/wp\/v2\/product_cat?post=321673"},{"taxonomy":"product_tag","embeddable":true,"href":"https:\/\/www.livrariarema.com.br\/loja\/wp-json\/wp\/v2\/product_tag?post=321673"}],"curies":[{"name":"wp","href":"https:\/\/api.w.org\/{rel}","templated":true}]}}