{"id":321714,"date":"2024-10-30T14:43:29","date_gmt":"2024-10-30T17:43:29","guid":{"rendered":"https:\/\/www.livrariarema.com.br\/loja\/produtos\/sem categoria\/biblia-de-estudo-explicada-media-luxo-vinho\/"},"modified":"2025-04-16T11:13:28","modified_gmt":"2025-04-16T14:13:28","slug":"biblia-de-estudo-explicada-media-luxo-vinho","status":"publish","type":"product","link":"https:\/\/www.livrariarema.com.br\/loja\/produtos\/biblias\/estudo\/biblia-de-estudo-explicada-media-luxo-vinho\/","title":{"rendered":"B\u00edblia De Estudo Explicada &#8211; M\u00e9dia &#8211; Luxo &#8211; Vinho"},"content":{"rendered":"<p>Uma B\u00edblia de Estudo que oferece praticidade e conte\u00fado s\u00f3lido para aqueles que desejam ler e se aprofundar nas Sagradas Escrituras por um pre\u00e7o bastante acess\u00edvel. Neste exemplar voc\u00ea tamb\u00e9m encontra os seguintes recursos:<Br><br \/>\nPequeno Dicion\u00e1rio B\u00edblico S. E. McNair<Br><br \/>\nRedu\u00e7\u00f5es (Abrevia\u00e7\u00f5es)<Br><br \/>\nVida e Obra de S. E. McNair<Br><br \/>\nMarcador de P\u00e1ginas<Br><br \/>\nMapas<Br><br \/>\n\u00cdndice dos mapas e dos nomes geogr\u00e1ficos<Br><\/p>\n","protected":false},"excerpt":{"rendered":"<p>Uma B\u00edblia de Estudo que oferece praticidade e conte\u00fado s\u00f3lido para aqueles que desejam ler e se aprofundar nas Sagradas&hellip;<\/p>\n","protected":false},"featured_media":321713,"comment_status":"open","ping_status":"closed","template":"","meta":[],"product_cat":[139,140],"product_tag":[],"_links":{"self":[{"href":"https:\/\/www.livrariarema.com.br\/loja\/wp-json\/wp\/v2\/product\/321714"}],"collection":[{"href":"https:\/\/www.livrariarema.com.br\/loja\/wp-json\/wp\/v2\/product"}],"about":[{"href":"https:\/\/www.livrariarema.com.br\/loja\/wp-json\/wp\/v2\/types\/product"}],"replies":[{"embeddable":true,"href":"https:\/\/www.livrariarema.com.br\/loja\/wp-json\/wp\/v2\/comments?post=321714"}],"wp:featuredmedia":[{"embeddable":true,"href":"https:\/\/www.livrariarema.com.br\/loja\/wp-json\/wp\/v2\/media\/321713"}],"wp:attachment":[{"href":"https:\/\/www.livrariarema.com.br\/loja\/wp-json\/wp\/v2\/media?parent=321714"}],"wp:term":[{"taxonomy":"product_cat","embeddable":true,"href":"https:\/\/www.livrariarema.com.br\/loja\/wp-json\/wp\/v2\/product_cat?post=321714"},{"taxonomy":"product_tag","embeddable":true,"href":"https:\/\/www.livrariarema.com.br\/loja\/wp-json\/wp\/v2\/product_tag?post=321714"}],"curies":[{"name":"wp","href":"https:\/\/api.w.org\/{rel}","templated":true}]}}