{"id":322387,"date":"2024-11-06T11:01:37","date_gmt":"2024-11-06T14:01:37","guid":{"rendered":"https:\/\/www.livrariarema.com.br\/loja\/produtos\/sem categoria\/corpo-como-palavra-karen-bomilcar\/"},"modified":"2025-10-14T10:29:27","modified_gmt":"2025-10-14T13:29:27","slug":"corpo-como-palavra-karen-bomilcar","status":"publish","type":"product","link":"https:\/\/www.livrariarema.com.br\/loja\/produtos\/livros\/espiritualidade\/corpo-como-palavra-karen-bomilcar\/","title":{"rendered":"Corpo Como Palavra &#8211; Karen Bomilcar"},"content":{"rendered":"<p>Cria\u00e7\u00e3o divina como um todo insepar\u00e1vel: mental, espiritual e f\u00edsico. Sua abordagem integra os fatores biol\u00f3gicos, psicol\u00f3gicos, espirituais e culturais que condicionam o ser humano, revelando um cuidado especial no tratamento adequado de pessoas em situa\u00e7\u00f5es de adoecimento.<br \/>\nA partir de uma instigante reflex\u00e3o sobre a interface entre f\u00e9, sa\u00fade e comunidade, Karen convida os leitores &#8211; e a igreja &#8211; a acolher a fragilidade e a promover, sob a \u00f3tica da ressurrei\u00e7\u00e3o, a restaura\u00e7\u00e3o individual e comunit\u00e1ria, sempre atentos \u00e0s car\u00eancias e aos questionamentos da sociedade.<br \/>\nO resultado \u00e9 um livro fascinante, repleto de informa\u00e7\u00f5es e princ\u00edpios de vida para quem deseja compreender a sa\u00fade numa perspectiva integral, e implementar a\u00e7\u00f5es que visam ao autocuidado e ao acolhimento de quem sofre.<\/p>\n","protected":false},"excerpt":{"rendered":"<p>Cria\u00e7\u00e3o divina como um todo insepar\u00e1vel: mental, espiritual e f\u00edsico. Sua abordagem integra os fatores biol\u00f3gicos, psicol\u00f3gicos, espirituais e culturais&hellip;<\/p>\n","protected":false},"featured_media":328008,"comment_status":"open","ping_status":"closed","template":"","meta":[],"product_cat":[160,134],"product_tag":[],"_links":{"self":[{"href":"https:\/\/www.livrariarema.com.br\/loja\/wp-json\/wp\/v2\/product\/322387"}],"collection":[{"href":"https:\/\/www.livrariarema.com.br\/loja\/wp-json\/wp\/v2\/product"}],"about":[{"href":"https:\/\/www.livrariarema.com.br\/loja\/wp-json\/wp\/v2\/types\/product"}],"replies":[{"embeddable":true,"href":"https:\/\/www.livrariarema.com.br\/loja\/wp-json\/wp\/v2\/comments?post=322387"}],"wp:featuredmedia":[{"embeddable":true,"href":"https:\/\/www.livrariarema.com.br\/loja\/wp-json\/wp\/v2\/media\/328008"}],"wp:attachment":[{"href":"https:\/\/www.livrariarema.com.br\/loja\/wp-json\/wp\/v2\/media?parent=322387"}],"wp:term":[{"taxonomy":"product_cat","embeddable":true,"href":"https:\/\/www.livrariarema.com.br\/loja\/wp-json\/wp\/v2\/product_cat?post=322387"},{"taxonomy":"product_tag","embeddable":true,"href":"https:\/\/www.livrariarema.com.br\/loja\/wp-json\/wp\/v2\/product_tag?post=322387"}],"curies":[{"name":"wp","href":"https:\/\/api.w.org\/{rel}","templated":true}]}}

<p>Criação divina como um todo inseparável: mental, espiritual e físico. Sua abordagem integra os fatores biológicos, psicológicos, espirituais e culturais que condicionam o ser humano, revelando um cuidado especial no tratamento adequado de pessoas em situações de adoecimento.<br />
A partir de uma instigante reflexão sobre a interface entre fé, saúde e comunidade, Karen convida os leitores &#8211; e a igreja &#8211; a acolher a fragilidade e a promover, sob a ótica da ressurreição, a restauração individual e comunitária, sempre atentos às carências e aos questionamentos da sociedade.<br />
O resultado é um livro fascinante, repleto de informações e princípios de vida para quem deseja compreender a saúde numa perspectiva integral, e implementar ações que visam ao autocuidado e ao acolhimento de quem sofre.</p>

<p>Criação divina como um todo inseparável: mental, espiritual e físico. Sua abordagem integra os fatores biológicos, psicológicos, espirituais e culturais&hellip;</p>
