{"id":322576,"date":"2024-11-06T15:54:09","date_gmt":"2024-11-06T18:54:09","guid":{"rendered":"https:\/\/www.livrariarema.com.br\/loja\/produtos\/sem categoria\/bela-transformacao-bella-falconi\/"},"modified":"2025-07-15T12:00:42","modified_gmt":"2025-07-15T15:00:42","slug":"bela-transformacao-bella-falconi","status":"publish","type":"product","link":"https:\/\/www.livrariarema.com.br\/loja\/produtos\/livros\/mulher\/bela-transformacao-bella-falconi\/","title":{"rendered":"Bela Transforma\u00e7\u00e3o &#8211; Bella Falconi"},"content":{"rendered":"<p>Voc\u00ea tem desejado uma transforma\u00e7\u00e3o profunda, mas n\u00e3o sabe por onde come\u00e7ar?<br \/>\nVoc\u00ea j\u00e1 se sentiu perdida em meio \u00e0 correria do dia a dia, como se estivesse desconectada de si mesma, dos outros e de Deus? J\u00e1 se perguntou por que, apesar de todo o esfor\u00e7o, ainda sente que falta algo para se sentir plenamente realizada? Ou, talvez, tenha buscado incansavelmente por equil\u00edbrio e paz interior, sem saber por onde come\u00e7ar?<\/p>\n<p>Se voc\u00ea se identificou com algumas dessas perguntas, saiba que voc\u00ea n\u00e3o est\u00e1 sozinha. Eu tamb\u00e9m j\u00e1 passei por esses momentos de incerteza e busca. Foi atrav\u00e9s dessas experi\u00eancias que decidi escrever Bela transforma\u00e7\u00e3o, um guia que nasceu do desejo de ajudar outras mulheres a encontrar respostas, assim como eu encontrei.<\/p>\n<p>Neste livro, vamos explorar juntas tr\u00eas dimens\u00f5es essenciais para uma vida plena e significativa:<\/p>\n<p>Corpo: Voc\u00ea sabia que seu corpo \u00e9 um templo, merecedor de cuidado e aten\u00e7\u00e3o? Aqui, compartilharei dicas pr\u00e1ticas e experi\u00eancias pessoais sobre como manter uma sa\u00fade f\u00edsica robusta e vibrante. Juntas, vamos descobrir maneiras simples e eficazes de cuidar do seu corpo, transformando-o em uma fonte constante de energia e bem-estar.<\/p>\n<p>Mente: Como voc\u00ea tem cuidado da sua mente? Entender a delicada intera\u00e7\u00e3o entre corpo e mente \u00e9 crucial para viver uma vida equilibrada. Vou mostrar estrat\u00e9gias para nutrir uma mentalidade positiva, superar desafios e construir relacionamentos saud\u00e1veis. A jornada para uma mente tranquila e resiliente come\u00e7a com pequenos passos, e estarei ao seu lado em cada um deles.<\/p>\n<p>Esp\u00edrito: Voc\u00ea sente que falta algo na sua vida espiritual? Explorar as dimens\u00f5es espirituais \u00e9 fundamental para uma transforma\u00e7\u00e3o completa. Compartilharei pr\u00e1ticas de medita\u00e7\u00e3o baseadas na B\u00edblia, reflex\u00f5es espirituais e maneiras de fortalecer sua conex\u00e3o com Deus. Vamos juntas em busca de prop\u00f3sito e sentido de vida, encontrando respostas profundas para as necessidades do seu esp\u00edrito.<\/p>\n<p>Embarque comigo em uma jornada de autodescoberta e crescimento. Cada p\u00e1gina foi escrita com carinho e dedica\u00e7\u00e3o, pensando em voc\u00ea e nas suas necessidades. Quero que voc\u00ea se sinta acolhida, inspirada e motivada a transformar cada aspecto da sua vida. Vamos come\u00e7ar essa viagem juntas? Estou aqui para caminhar ao seu lado, ajudando voc\u00ea a desbloquear seu potencial m\u00e1ximo e a viver a vida plena e pr\u00f3spera que Deus planejou para voc\u00ea.<\/p>\n","protected":false},"excerpt":{"rendered":"<p>Voc\u00ea tem desejado uma transforma\u00e7\u00e3o profunda, mas n\u00e3o sabe por onde come\u00e7ar? Voc\u00ea j\u00e1 se sentiu perdida em meio \u00e0&hellip;<\/p>\n","protected":false},"featured_media":324917,"comment_status":"open","ping_status":"closed","template":"","meta":[],"product_cat":[134,170],"product_tag":[],"_links":{"self":[{"href":"https:\/\/www.livrariarema.com.br\/loja\/wp-json\/wp\/v2\/product\/322576"}],"collection":[{"href":"https:\/\/www.livrariarema.com.br\/loja\/wp-json\/wp\/v2\/product"}],"about":[{"href":"https:\/\/www.livrariarema.com.br\/loja\/wp-json\/wp\/v2\/types\/product"}],"replies":[{"embeddable":true,"href":"https:\/\/www.livrariarema.com.br\/loja\/wp-json\/wp\/v2\/comments?post=322576"}],"wp:featuredmedia":[{"embeddable":true,"href":"https:\/\/www.livrariarema.com.br\/loja\/wp-json\/wp\/v2\/media\/324917"}],"wp:attachment":[{"href":"https:\/\/www.livrariarema.com.br\/loja\/wp-json\/wp\/v2\/media?parent=322576"}],"wp:term":[{"taxonomy":"product_cat","embeddable":true,"href":"https:\/\/www.livrariarema.com.br\/loja\/wp-json\/wp\/v2\/product_cat?post=322576"},{"taxonomy":"product_tag","embeddable":true,"href":"https:\/\/www.livrariarema.com.br\/loja\/wp-json\/wp\/v2\/product_tag?post=322576"}],"curies":[{"name":"wp","href":"https:\/\/api.w.org\/{rel}","templated":true}]}}