{"id":322604,"date":"2024-11-07T10:05:10","date_gmt":"2024-11-07T13:05:10","guid":{"rendered":"https:\/\/www.livrariarema.com.br\/loja\/produtos\/sem categoria\/cinco-linguagens-do-amor-dos-adolescentes-as-gary-chapman-2\/"},"modified":"2025-08-21T18:20:21","modified_gmt":"2025-08-21T21:20:21","slug":"cinco-linguagens-do-amor-dos-adolescentes-as-gary-chapman-2","status":"publish","type":"product","link":"https:\/\/www.livrariarema.com.br\/loja\/produtos\/livros\/educacao-crista\/cinco-linguagens-do-amor-dos-adolescentes-as-gary-chapman-2\/","title":{"rendered":"Cinco Linguagens Do Amor Dos Adolescentes, As &#8211; Gary Chapman"},"content":{"rendered":"<p>Voc\u00ea sabe falar a linguagem de amor de seu filho adolescente? Assim como adultos, os adolescentes tamb\u00e9m precisam desesperadamente sentir que s\u00e3o amados. Mas comunicar essa verdade aos nossos filhos pode ser um grande desafio, porque as pessoas d\u00e3o e recebem amor de formas distintas e muitas vezes conflitantes.<\/p>\n<p>Pesquisas demonstram que os pais exercem a influ\u00eancia mais significativa na vida de um adolescente. E a porta dessa influ\u00eancia \u00e9 o amor. A chave para abrir essa porta, de acordo com o Dr. Gary Chapman, \u00e9 aprender a expressar esse amor numa linguagem que faz sentido ao seu filho ou filha adolescente. As cinco linguagens de amor dos adolescentes s\u00e3o: palavras de afirma\u00e7\u00e3o; toque f\u00edsico; qualidade de tempo; a\u00e7\u00f5es de servi\u00e7o; presentes.<\/p>\n<p>Ao ler As cinco linguagens do amor dos adolescentes, voc\u00ea descobrir\u00e1 como identificar e falar fluentemente a linguagem principal de seu filho adolescente; entender\u00e1 por que adolescentes precisam ser amados de forma diferenciada das crian\u00e7as; aprender\u00e1 onde est\u00e1 a raiz de muitos problemas com adolescentes e o que voc\u00ea pode fazer para solucionar esses problemas; encontrar\u00e1 maneiras de evitar que seu filho adolescente entre na onda da viol\u00eancia e imoralidade que cobrem a juventude de hoje.<\/p>\n","protected":false},"excerpt":{"rendered":"<p>Voc\u00ea sabe falar a linguagem de amor de seu filho adolescente? Assim como adultos, os adolescentes tamb\u00e9m precisam desesperadamente sentir&hellip;<\/p>\n","protected":false},"featured_media":332553,"comment_status":"open","ping_status":"closed","template":"","meta":[],"product_cat":[169,134],"product_tag":[],"_links":{"self":[{"href":"https:\/\/www.livrariarema.com.br\/loja\/wp-json\/wp\/v2\/product\/322604"}],"collection":[{"href":"https:\/\/www.livrariarema.com.br\/loja\/wp-json\/wp\/v2\/product"}],"about":[{"href":"https:\/\/www.livrariarema.com.br\/loja\/wp-json\/wp\/v2\/types\/product"}],"replies":[{"embeddable":true,"href":"https:\/\/www.livrariarema.com.br\/loja\/wp-json\/wp\/v2\/comments?post=322604"}],"wp:featuredmedia":[{"embeddable":true,"href":"https:\/\/www.livrariarema.com.br\/loja\/wp-json\/wp\/v2\/media\/332553"}],"wp:attachment":[{"href":"https:\/\/www.livrariarema.com.br\/loja\/wp-json\/wp\/v2\/media?parent=322604"}],"wp:term":[{"taxonomy":"product_cat","embeddable":true,"href":"https:\/\/www.livrariarema.com.br\/loja\/wp-json\/wp\/v2\/product_cat?post=322604"},{"taxonomy":"product_tag","embeddable":true,"href":"https:\/\/www.livrariarema.com.br\/loja\/wp-json\/wp\/v2\/product_tag?post=322604"}],"curies":[{"name":"wp","href":"https:\/\/api.w.org\/{rel}","templated":true}]}}