{"id":322687,"date":"2024-11-14T11:25:36","date_gmt":"2024-11-14T14:25:36","guid":{"rendered":"https:\/\/www.livrariarema.com.br\/loja\/produtos\/sem categoria\/jejum-biblico-o-jerry-falwell\/"},"modified":"2026-01-23T14:20:23","modified_gmt":"2026-01-23T17:20:23","slug":"jejum-biblico-o-jerry-falwell","status":"publish","type":"product","link":"https:\/\/www.livrariarema.com.br\/loja\/produtos\/livros\/oracao\/jejum-biblico-o-jerry-falwell\/","title":{"rendered":"Jejum B\u00edblico, O &#8211; Jerry Falwell"},"content":{"rendered":"<p>Voc\u00ea j\u00e1 jejuou alguma vez?<\/p>\n<p>Os crist\u00e3os, em n\u00fameros cada vez maiores, est\u00e3o voltando \u00e0 pr\u00e1tica milenar do jejum. J\u00e1 \u00e9 comum ouvir-se nas igrejas apelos para que os membros jejuem em favor da solu\u00e7\u00e3o deste ou daquele problema.<\/p>\n<p>&#8211; O jejum funciona mesmo?<br \/>\n&#8211; Vale a pena us\u00e1-lo como arma espiritual?<br \/>\n&#8211; Qual o significado pr\u00e1tico do jejum?<br \/>\n&#8211; Como voc\u00ea pode fazer o melhor uso dele?<br \/>\n&#8211; Por quanto tempo se deve jejuar?<br \/>\n&#8211; Existe algum perigo no jejum?<\/p>\n<p>Todas estas perguntas e outras mais s\u00e3o respondidas neste livro de incalcul\u00e1vel valor. Aqui est\u00e3o as instru\u00e7\u00f5es e as explica\u00e7\u00f5es que o ajudar\u00e3o a jejuar de acordo com o padr\u00e3o b\u00edblico e a experimentar em sua vida os extraordin\u00e1rios benef\u00edcios que ele traz. <\/p>\n","protected":false},"excerpt":{"rendered":"<p>Voc\u00ea j\u00e1 jejuou alguma vez? Os crist\u00e3os, em n\u00fameros cada vez maiores, est\u00e3o voltando \u00e0 pr\u00e1tica milenar do jejum. J\u00e1&hellip;<\/p>\n","protected":false},"featured_media":324432,"comment_status":"open","ping_status":"closed","template":"","meta":[],"product_cat":[134,171],"product_tag":[],"_links":{"self":[{"href":"https:\/\/www.livrariarema.com.br\/loja\/wp-json\/wp\/v2\/product\/322687"}],"collection":[{"href":"https:\/\/www.livrariarema.com.br\/loja\/wp-json\/wp\/v2\/product"}],"about":[{"href":"https:\/\/www.livrariarema.com.br\/loja\/wp-json\/wp\/v2\/types\/product"}],"replies":[{"embeddable":true,"href":"https:\/\/www.livrariarema.com.br\/loja\/wp-json\/wp\/v2\/comments?post=322687"}],"wp:featuredmedia":[{"embeddable":true,"href":"https:\/\/www.livrariarema.com.br\/loja\/wp-json\/wp\/v2\/media\/324432"}],"wp:attachment":[{"href":"https:\/\/www.livrariarema.com.br\/loja\/wp-json\/wp\/v2\/media?parent=322687"}],"wp:term":[{"taxonomy":"product_cat","embeddable":true,"href":"https:\/\/www.livrariarema.com.br\/loja\/wp-json\/wp\/v2\/product_cat?post=322687"},{"taxonomy":"product_tag","embeddable":true,"href":"https:\/\/www.livrariarema.com.br\/loja\/wp-json\/wp\/v2\/product_tag?post=322687"}],"curies":[{"name":"wp","href":"https:\/\/api.w.org\/{rel}","templated":true}]}}