{"id":322842,"date":"2024-11-23T08:56:12","date_gmt":"2024-11-23T11:56:12","guid":{"rendered":"https:\/\/www.livrariarema.com.br\/loja\/produtos\/sem categoria\/biblia-da-turminha-da-graca-menino\/"},"modified":"2026-03-26T15:40:39","modified_gmt":"2026-03-26T18:40:39","slug":"biblia-da-turminha-da-graca-menino","status":"publish","type":"product","link":"https:\/\/www.livrariarema.com.br\/loja\/produtos\/biblias\/infantil-biblias\/biblia-da-turminha-da-graca-menino\/","title":{"rendered":"Biblia Da Turminha Da Gra\u00e7a &#8211; Menino"},"content":{"rendered":"<p>A B\u00edblia Sagrada Turminha da Gra\u00e7a \u00e9 o ponto de partida para conduzir a crian\u00e7a a uma vida de amor e obedi\u00eancia a Deus. Al\u00e9m do Texto Sagrado completo, a vers\u00e3o para as meninas cont\u00e9m encartes com vers\u00edculos e ilustra\u00e7\u00f5es dos personagens da Turminha (Flora, Likinha e Aninha). H\u00e1 tamb\u00e9m curiosidades e um resumo de cada livro para auxiliar no aprendizado b\u00edblico. A obra tem um plano anual de leitura, que ajudar\u00e1 a pequenina a adquirir const\u00e2ncia na leitura da Palavra, de modo que possa incorporar esse precioso h\u00e1bito \u00e0 sua rotina..<\/p>\n<p>Recursos:<br \/>\nEncartes ilustrados<br \/>\nCuriosidades<br \/>\nResumo dos livros da B\u00edblia<br \/>\nHist\u00f3ria em quadrinhos<br \/>\nPlano anual de leitura<\/p>\n","protected":false},"excerpt":{"rendered":"<p>A B\u00edblia Sagrada Turminha da Gra\u00e7a \u00e9 o ponto de partida para conduzir a crian\u00e7a a uma vida de amor&hellip;<\/p>\n","protected":false},"featured_media":322841,"comment_status":"open","ping_status":"closed","template":"","meta":[],"product_cat":[139,202],"product_tag":[],"_links":{"self":[{"href":"https:\/\/www.livrariarema.com.br\/loja\/wp-json\/wp\/v2\/product\/322842"}],"collection":[{"href":"https:\/\/www.livrariarema.com.br\/loja\/wp-json\/wp\/v2\/product"}],"about":[{"href":"https:\/\/www.livrariarema.com.br\/loja\/wp-json\/wp\/v2\/types\/product"}],"replies":[{"embeddable":true,"href":"https:\/\/www.livrariarema.com.br\/loja\/wp-json\/wp\/v2\/comments?post=322842"}],"wp:featuredmedia":[{"embeddable":true,"href":"https:\/\/www.livrariarema.com.br\/loja\/wp-json\/wp\/v2\/media\/322841"}],"wp:attachment":[{"href":"https:\/\/www.livrariarema.com.br\/loja\/wp-json\/wp\/v2\/media?parent=322842"}],"wp:term":[{"taxonomy":"product_cat","embeddable":true,"href":"https:\/\/www.livrariarema.com.br\/loja\/wp-json\/wp\/v2\/product_cat?post=322842"},{"taxonomy":"product_tag","embeddable":true,"href":"https:\/\/www.livrariarema.com.br\/loja\/wp-json\/wp\/v2\/product_tag?post=322842"}],"curies":[{"name":"wp","href":"https:\/\/api.w.org\/{rel}","templated":true}]}}