{"id":323671,"date":"2024-12-01T16:17:07","date_gmt":"2024-12-01T19:17:07","guid":{"rendered":"https:\/\/www.livrariarema.com.br\/loja\/produtos\/sem categoria\/ntlh063lg-biblia-letra-grande-capa-dura-dourado-fosco\/"},"modified":"2025-09-25T17:14:53","modified_gmt":"2025-09-25T20:14:53","slug":"ntlh063lg-biblia-letra-grande-capa-dura-dourado-fosco","status":"publish","type":"product","link":"https:\/\/www.livrariarema.com.br\/loja\/produtos\/biblias\/ntlh\/ntlh063lg-biblia-letra-grande-capa-dura-dourado-fosco\/","title":{"rendered":"Ntlh063lg &#8211; B\u00edblia &#8211; Letra Grande &#8211; Capa Dura &#8211; Dourado Fosco"},"content":{"rendered":"<p>B\u00edblia Sagrada possui letra grande o que a torna ideal para a leitura di\u00e1ria e para a compreens\u00e3o da Palavra de Deus.<\/p>\n","protected":false},"excerpt":{"rendered":"<p>B\u00edblia Sagrada possui letra grande o que a torna ideal para a leitura di\u00e1ria e para a compreens\u00e3o da Palavra&hellip;<\/p>\n","protected":false},"featured_media":330124,"comment_status":"open","ping_status":"closed","template":"","meta":[],"product_cat":[139,188],"product_tag":[],"_links":{"self":[{"href":"https:\/\/www.livrariarema.com.br\/loja\/wp-json\/wp\/v2\/product\/323671"}],"collection":[{"href":"https:\/\/www.livrariarema.com.br\/loja\/wp-json\/wp\/v2\/product"}],"about":[{"href":"https:\/\/www.livrariarema.com.br\/loja\/wp-json\/wp\/v2\/types\/product"}],"replies":[{"embeddable":true,"href":"https:\/\/www.livrariarema.com.br\/loja\/wp-json\/wp\/v2\/comments?post=323671"}],"wp:featuredmedia":[{"embeddable":true,"href":"https:\/\/www.livrariarema.com.br\/loja\/wp-json\/wp\/v2\/media\/330124"}],"wp:attachment":[{"href":"https:\/\/www.livrariarema.com.br\/loja\/wp-json\/wp\/v2\/media?parent=323671"}],"wp:term":[{"taxonomy":"product_cat","embeddable":true,"href":"https:\/\/www.livrariarema.com.br\/loja\/wp-json\/wp\/v2\/product_cat?post=323671"},{"taxonomy":"product_tag","embeddable":true,"href":"https:\/\/www.livrariarema.com.br\/loja\/wp-json\/wp\/v2\/product_tag?post=323671"}],"curies":[{"name":"wp","href":"https:\/\/api.w.org\/{rel}","templated":true}]}}