{"id":323851,"date":"2024-12-01T17:37:56","date_gmt":"2024-12-01T20:37:56","guid":{"rendered":"https:\/\/www.livrariarema.com.br\/loja\/produtos\/sem categoria\/biblia-das-promessas-a-biblia-infantil-ilustrada\/"},"modified":"2026-01-19T11:21:15","modified_gmt":"2026-01-19T14:21:15","slug":"biblia-das-promessas-a-biblia-infantil-ilustrada","status":"publish","type":"product","link":"https:\/\/www.livrariarema.com.br\/loja\/produtos\/livros\/infantil-biblia\/biblia-das-promessas-a-biblia-infantil-ilustrada\/","title":{"rendered":"Biblia Das Promessas, A &#8211; Biblia Infantil Ilustrada"},"content":{"rendered":"<p>Cativante, envolvente e relevante! A B\u00edblia das Promessas \u00e9 a primeira a ensinar \u00e0s crian\u00e7as sobre as promessas de Deus e o cumprimento de cada uma delas ao longo das Escrituras! Uma ferramenta poderos\u00edssima para estimular a f\u00e9 dos pequenos enquanto s\u00e3o conduzidos por 92 importantes hist\u00f3rias b\u00edblicas que resumem a trajet\u00f3ria do Povo de Deus de G\u00eanesis a Apocalipse. <\/p>\n<p>Ricamente ilustrada pela artista Jennifer Davison, A B\u00edblia das Promessas consegue transportar seus pequenos leitores ao universo b\u00edblico com ambienta\u00e7\u00f5es repleta em detalhes &#8211; seja na retrata\u00e7\u00e3o fiel de desertos, cidades, rios e constru\u00e7\u00f5es at\u00e9 o sentimento e sensa\u00e7\u00f5es dos personagens. O texto de Carl Laferton &#8211; experiente autor crist\u00e3o infantil, leva as crian\u00e7as a compreenderem a import\u00e2ncia de cada hist\u00f3ria e sobre promessas de Deus com linguagem de f\u00e1cil compreens\u00e3o. <\/p>\n<p>S\u00e3o mais de 400 p\u00e1ginas divididas entre Antigo e Novo Testamentos, onde as p\u00e1ginas que cont\u00e9m promessas de Deus sendo feitas ou cumpridas s\u00e3o destacadas com \u00edcones especiais em cinco categorias: promessas sobre Resgatar, sobre o Povo, sobre uma Terra para se viver, sobre a Alegria e sobre o Rei. <\/p>\n<p>Esta \u00e9 a B\u00edblia infantil perfeita para quem sabe que a base da f\u00e9 em Deus est\u00e1 em saber que Ele cumpre suas promessas!<\/p>\n","protected":false},"excerpt":{"rendered":"<p>Cativante, envolvente e relevante! A B\u00edblia das Promessas \u00e9 a primeira a ensinar \u00e0s crian\u00e7as sobre as promessas de Deus&hellip;<\/p>\n","protected":false},"featured_media":323850,"comment_status":"open","ping_status":"closed","template":"","meta":[],"product_cat":[165,134],"product_tag":[],"_links":{"self":[{"href":"https:\/\/www.livrariarema.com.br\/loja\/wp-json\/wp\/v2\/product\/323851"}],"collection":[{"href":"https:\/\/www.livrariarema.com.br\/loja\/wp-json\/wp\/v2\/product"}],"about":[{"href":"https:\/\/www.livrariarema.com.br\/loja\/wp-json\/wp\/v2\/types\/product"}],"replies":[{"embeddable":true,"href":"https:\/\/www.livrariarema.com.br\/loja\/wp-json\/wp\/v2\/comments?post=323851"}],"wp:featuredmedia":[{"embeddable":true,"href":"https:\/\/www.livrariarema.com.br\/loja\/wp-json\/wp\/v2\/media\/323850"}],"wp:attachment":[{"href":"https:\/\/www.livrariarema.com.br\/loja\/wp-json\/wp\/v2\/media?parent=323851"}],"wp:term":[{"taxonomy":"product_cat","embeddable":true,"href":"https:\/\/www.livrariarema.com.br\/loja\/wp-json\/wp\/v2\/product_cat?post=323851"},{"taxonomy":"product_tag","embeddable":true,"href":"https:\/\/www.livrariarema.com.br\/loja\/wp-json\/wp\/v2\/product_tag?post=323851"}],"curies":[{"name":"wp","href":"https:\/\/api.w.org\/{rel}","templated":true}]}}