{"id":324174,"date":"2024-12-03T09:00:48","date_gmt":"2024-12-03T12:00:48","guid":{"rendered":"https:\/\/www.livrariarema.com.br\/loja\/produtos\/sem%20categoria\/como-cristo-transforma-os-dez-mandamentos\/"},"modified":"2026-02-20T12:56:48","modified_gmt":"2026-02-20T15:56:48","slug":"como-cristo-transforma-os-dez-mandamentos","status":"publish","type":"product","link":"https:\/\/www.livrariarema.com.br\/loja\/produtos\/livros\/estudo-biblico\/como-cristo-transforma-os-dez-mandamentos\/","title":{"rendered":"Como Cristo Transforma Os Dez Mandamentos"},"content":{"rendered":"<p>JESUS CUMPRIU A LEI, N\u00c3O SIMPLESMENTE AO OBEDEC\u00ca-LA, MAS AO TRANSFORM\u00c1-LA.<\/p>\n<p>A maioria dos crist\u00e3os acredita que a liberdade em rela\u00e7\u00e3o \u00e0 Lei \u00e9 um ponto pac\u00edfico, sem mais discuss\u00e3o. No entanto, as palavras do Senhor Jesus &#8220;n\u00e3o vim abolir a Lei, mas cumprir&#8221; podem parecer estranhas ou at\u00e9 paradoxais em rela\u00e7\u00e3o ao evangelho da gra\u00e7a.<\/p>\n<p>Neste livro, Clowney nos ensina a olhar corretamente para os Dez Mandamentos. O autor mostra como Jesus refor\u00e7a a import\u00e2ncia da Lei e amplia sua aplica\u00e7\u00e3o a todas as \u00e1reas da vida. Al\u00e9m disso, Clowney destaca como encontrar Cristo na Lei e como Ele a cumpre. O crist\u00e3o aprender\u00e1, atrav\u00e9s desta obra, mais sobre o car\u00e1ter de Deus revelado na Lei e sobre o evangelho com seu foco em Cristo.<\/p>\n<p>NO FINAL DE CADA CAP\u00cdTULO, FORAM INCLU\u00cdDAS PERGUNTAS PARA REFLEX\u00c3O E APLICA\u00c7\u00c3O. UM VALIOSO RECURSO PARA O ESTUDO PESSOAL E EM GRUPO.<\/p>\n","protected":false},"excerpt":{"rendered":"<p>JESUS CUMPRIU A LEI, N\u00c3O SIMPLESMENTE AO OBEDEC\u00ca-LA, MAS AO TRANSFORM\u00c1-LA. A maioria dos crist\u00e3os acredita que a liberdade em&hellip;<\/p>\n","protected":false},"featured_media":344954,"comment_status":"open","ping_status":"closed","template":"","meta":[],"product_cat":[161,134],"product_tag":[],"_links":{"self":[{"href":"https:\/\/www.livrariarema.com.br\/loja\/wp-json\/wp\/v2\/product\/324174"}],"collection":[{"href":"https:\/\/www.livrariarema.com.br\/loja\/wp-json\/wp\/v2\/product"}],"about":[{"href":"https:\/\/www.livrariarema.com.br\/loja\/wp-json\/wp\/v2\/types\/product"}],"replies":[{"embeddable":true,"href":"https:\/\/www.livrariarema.com.br\/loja\/wp-json\/wp\/v2\/comments?post=324174"}],"wp:featuredmedia":[{"embeddable":true,"href":"https:\/\/www.livrariarema.com.br\/loja\/wp-json\/wp\/v2\/media\/344954"}],"wp:attachment":[{"href":"https:\/\/www.livrariarema.com.br\/loja\/wp-json\/wp\/v2\/media?parent=324174"}],"wp:term":[{"taxonomy":"product_cat","embeddable":true,"href":"https:\/\/www.livrariarema.com.br\/loja\/wp-json\/wp\/v2\/product_cat?post=324174"},{"taxonomy":"product_tag","embeddable":true,"href":"https:\/\/www.livrariarema.com.br\/loja\/wp-json\/wp\/v2\/product_tag?post=324174"}],"curies":[{"name":"wp","href":"https:\/\/api.w.org\/{rel}","templated":true}]}}