{"id":324239,"date":"2024-12-03T11:36:05","date_gmt":"2024-12-03T14:36:05","guid":{"rendered":"https:\/\/www.livrariarema.com.br\/loja\/produtos\/sem%20categoria\/artur-e-o-coracao-de-pedra-guilherme-iamarino\/"},"modified":"2026-03-20T11:45:07","modified_gmt":"2026-03-20T14:45:07","slug":"artur-e-o-coracao-de-pedra-guilherme-iamarino","status":"publish","type":"product","link":"https:\/\/www.livrariarema.com.br\/loja\/produtos\/livros\/infantil\/artur-e-o-coracao-de-pedra-guilherme-iamarino\/","title":{"rendered":"Artur E O Cora\u00e7\u00e3o De Pedra &#8211; Guilherme Iamarino"},"content":{"rendered":"<p>Artur \u00e9 um garoto fazendeiro de Vales, pequeno vilarejo entre duas montanhas. Al\u00e9m de cultivar frutas, legumes e flores, Artur cultiva boas amizades com os animais: a temperamental Gata, o fiel burro Cosmo, o sabich\u00e3o tigre Walter Tigroso, e a elegante pata Patr\u00edcia. <\/p>\n<p>Eles nem imaginam, mas a maior aventura de suas vidas est\u00e1 para come\u00e7ar quando Artur sente seu cora\u00e7\u00e3o pesado, com saudade daquilo que ainda n\u00e3o viveu. Assim, todos os animais precisam se juntar e descobrir a real situa\u00e7\u00e3o do amigo.<\/p>\n<p>A verdade sobre o estado de Artur, por\u00e9m, s\u00f3 \u00e9 revelada quando um desconhecido chega em Vales e declara que o cora\u00e7\u00e3o do pequeno fazendeiro \u00e9 de pedra! Sabendo disso, Artur, junto de seus companheiros, parte em uma jornada cheia de perigos e aventuras at\u00e9 o alto da grande montanha, em busca de um misterioso homem, o \u00fanico capaz de trocar o cora\u00e7\u00e3o de Artur e, portanto, de salvar a sua vida.<\/p>\n<p>Escrito no estilo das antigas f\u00e1bulas e recheado de lindas ilustra\u00e7\u00f5es, Artur e o Cora\u00e7\u00e3o de Pedra \u00e9 uma hist\u00f3ria que ir\u00e1 encantar toda a fam\u00edlia.<\/p>\n<p>&#8220;Uma imers\u00e3o de transforma\u00e7\u00e3o, divers\u00e3o e alegria.&#8221;<br \/>\n&#8212; Rafael Diedrich<\/p>\n<p>&#8220;Uma hist\u00f3ria com o poder de mover o seu pr\u00f3prio cora\u00e7\u00e3o.&#8221;<br \/>\n&#8212; Emilio Garofalo Neto<\/p>\n","protected":false},"excerpt":{"rendered":"<p>Artur \u00e9 um garoto fazendeiro de Vales, pequeno vilarejo entre duas montanhas. Al\u00e9m de cultivar frutas, legumes e flores, Artur&hellip;<\/p>\n","protected":false},"featured_media":344085,"comment_status":"open","ping_status":"closed","template":"","meta":[],"product_cat":[144,134],"product_tag":[],"_links":{"self":[{"href":"https:\/\/www.livrariarema.com.br\/loja\/wp-json\/wp\/v2\/product\/324239"}],"collection":[{"href":"https:\/\/www.livrariarema.com.br\/loja\/wp-json\/wp\/v2\/product"}],"about":[{"href":"https:\/\/www.livrariarema.com.br\/loja\/wp-json\/wp\/v2\/types\/product"}],"replies":[{"embeddable":true,"href":"https:\/\/www.livrariarema.com.br\/loja\/wp-json\/wp\/v2\/comments?post=324239"}],"wp:featuredmedia":[{"embeddable":true,"href":"https:\/\/www.livrariarema.com.br\/loja\/wp-json\/wp\/v2\/media\/344085"}],"wp:attachment":[{"href":"https:\/\/www.livrariarema.com.br\/loja\/wp-json\/wp\/v2\/media?parent=324239"}],"wp:term":[{"taxonomy":"product_cat","embeddable":true,"href":"https:\/\/www.livrariarema.com.br\/loja\/wp-json\/wp\/v2\/product_cat?post=324239"},{"taxonomy":"product_tag","embeddable":true,"href":"https:\/\/www.livrariarema.com.br\/loja\/wp-json\/wp\/v2\/product_tag?post=324239"}],"curies":[{"name":"wp","href":"https:\/\/api.w.org\/{rel}","templated":true}]}}