{"id":324250,"date":"2024-12-03T11:42:17","date_gmt":"2024-12-03T14:42:17","guid":{"rendered":"https:\/\/www.livrariarema.com.br\/loja\/produtos\/sem categoria\/aprenda-a-vencer-usando-as-taticas-de-deus-loren-cunningham-e-janice-rogers\/"},"modified":"2025-05-09T12:38:59","modified_gmt":"2025-05-09T15:38:59","slug":"aprenda-a-vencer-usando-as-taticas-de-deus-loren-cunningham-e-janice-rogers","status":"publish","type":"product","link":"https:\/\/www.livrariarema.com.br\/loja\/produtos\/livros\/vida-crista\/aprenda-a-vencer-usando-as-taticas-de-deus-loren-cunningham-e-janice-rogers\/","title":{"rendered":"Aprenda A Vencer Usando As T\u00e1ticas De Deus &#8211; Loren Cunningham E Janice Rogers"},"content":{"rendered":"<p>Ao abrir um livro de Loren Cunningham voc\u00ea j\u00e1 sabe que vai encontrar fabulosos testemunhos da opera\u00e7\u00e3o de Deus nas mais incr\u00edveis circunst\u00e2ncias. Este n\u00e3o \u00e9 uma exce\u00e7\u00e3o. Quem deseja um desabafo \u00e0 f\u00e9 e edifica\u00e7\u00e3o para a sua vida crist\u00e3 n\u00e3o vai querer deixar de ler esta empolgante obra.<\/p>\n","protected":false},"excerpt":{"rendered":"<p>Ao abrir um livro de Loren Cunningham voc\u00ea j\u00e1 sabe que vai encontrar fabulosos testemunhos da opera\u00e7\u00e3o de Deus nas&hellip;<\/p>\n","protected":false},"featured_media":330824,"comment_status":"open","ping_status":"closed","template":"","meta":[],"product_cat":[134,137],"product_tag":[],"_links":{"self":[{"href":"https:\/\/www.livrariarema.com.br\/loja\/wp-json\/wp\/v2\/product\/324250"}],"collection":[{"href":"https:\/\/www.livrariarema.com.br\/loja\/wp-json\/wp\/v2\/product"}],"about":[{"href":"https:\/\/www.livrariarema.com.br\/loja\/wp-json\/wp\/v2\/types\/product"}],"replies":[{"embeddable":true,"href":"https:\/\/www.livrariarema.com.br\/loja\/wp-json\/wp\/v2\/comments?post=324250"}],"wp:featuredmedia":[{"embeddable":true,"href":"https:\/\/www.livrariarema.com.br\/loja\/wp-json\/wp\/v2\/media\/330824"}],"wp:attachment":[{"href":"https:\/\/www.livrariarema.com.br\/loja\/wp-json\/wp\/v2\/media?parent=324250"}],"wp:term":[{"taxonomy":"product_cat","embeddable":true,"href":"https:\/\/www.livrariarema.com.br\/loja\/wp-json\/wp\/v2\/product_cat?post=324250"},{"taxonomy":"product_tag","embeddable":true,"href":"https:\/\/www.livrariarema.com.br\/loja\/wp-json\/wp\/v2\/product_tag?post=324250"}],"curies":[{"name":"wp","href":"https:\/\/api.w.org\/{rel}","templated":true}]}}