{"id":324529,"date":"2024-12-07T13:42:14","date_gmt":"2024-12-07T16:42:14","guid":{"rendered":"https:\/\/www.livrariarema.com.br\/loja\/produtos\/sem%20categoria\/voce-entendeu-errado-saulo-daniel\/"},"modified":"2025-05-29T15:04:06","modified_gmt":"2025-05-29T18:04:06","slug":"voce-entendeu-errado-saulo-daniel","status":"publish","type":"product","link":"https:\/\/www.livrariarema.com.br\/loja\/produtos\/livros\/estudo-biblico\/voce-entendeu-errado-saulo-daniel\/","title":{"rendered":"Voc\u00ea Entendeu Errado &#8211; Saulo Daniel"},"content":{"rendered":"<p>Voc\u00ea Entendeu Errado &#8211; A provoca\u00e7\u00e3o e o convite \u00e0 profundidade no entendimento das verdades b\u00edblicas.<br \/>\nQual o peso de um texto b\u00edblico interpretado de forma equivocada e por vezes err\u00f4nea? S\u00e3o v\u00e1rios, mas o objetivo desse livro n\u00e3o \u00e9 apont\u00e1-los mas trazer por meios de textos e doutrinas que por anos foram interpretadas erradas sejam esclarecidas, para que o leitor se equipe a fim de se tornar um leitor ainda mais apaixonado pelas Escrituras e consiga interpret\u00e1-la de forma correta.<\/p>\n<p>ENTENDER ERRADO \u00c9 VIVER ERRADO! Acontece que por mais trivial que pare\u00e7a, um modelo de pensamento molda nosso comportamento, ou seja, entender as Escrituras de uma forma diferente do que ela deseja comunicar, nos impele a um estilo de vida que n\u00e3o condiz com o texto. Por isso atrav\u00e9s do livro &#8220;Voc\u00ea Entendeu Errado&#8221; queremos conduzir voc\u00ea a uma jornada de entendimento b\u00edblico que te ensina e que tamb\u00e9m disc\u00edpula, formando o car\u00e1ter de Cristo.<\/p>\n","protected":false},"excerpt":{"rendered":"<p>Voc\u00ea Entendeu Errado &#8211; A provoca\u00e7\u00e3o e o convite \u00e0 profundidade no entendimento das verdades b\u00edblicas. Qual o peso de&hellip;<\/p>\n","protected":false},"featured_media":331839,"comment_status":"open","ping_status":"closed","template":"","meta":[],"product_cat":[161,134],"product_tag":[],"_links":{"self":[{"href":"https:\/\/www.livrariarema.com.br\/loja\/wp-json\/wp\/v2\/product\/324529"}],"collection":[{"href":"https:\/\/www.livrariarema.com.br\/loja\/wp-json\/wp\/v2\/product"}],"about":[{"href":"https:\/\/www.livrariarema.com.br\/loja\/wp-json\/wp\/v2\/types\/product"}],"replies":[{"embeddable":true,"href":"https:\/\/www.livrariarema.com.br\/loja\/wp-json\/wp\/v2\/comments?post=324529"}],"wp:featuredmedia":[{"embeddable":true,"href":"https:\/\/www.livrariarema.com.br\/loja\/wp-json\/wp\/v2\/media\/331839"}],"wp:attachment":[{"href":"https:\/\/www.livrariarema.com.br\/loja\/wp-json\/wp\/v2\/media?parent=324529"}],"wp:term":[{"taxonomy":"product_cat","embeddable":true,"href":"https:\/\/www.livrariarema.com.br\/loja\/wp-json\/wp\/v2\/product_cat?post=324529"},{"taxonomy":"product_tag","embeddable":true,"href":"https:\/\/www.livrariarema.com.br\/loja\/wp-json\/wp\/v2\/product_tag?post=324529"}],"curies":[{"name":"wp","href":"https:\/\/api.w.org\/{rel}","templated":true}]}}