{"id":324544,"date":"2024-12-07T13:51:10","date_gmt":"2024-12-07T16:51:10","guid":{"rendered":"https:\/\/www.livrariarema.com.br\/loja\/produtos\/sem categoria\/biblia-nvi-slim-capa-dura-rosa\/"},"modified":"2026-04-17T15:50:57","modified_gmt":"2026-04-17T18:50:57","slug":"biblia-nvi-slim-capa-dura-rosa","status":"publish","type":"product","link":"https:\/\/www.livrariarema.com.br\/loja\/produtos\/biblias\/nvi\/biblia-nvi-slim-capa-dura-rosa\/","title":{"rendered":"B\u00edblia &#8211; Nvi &#8211; Slim &#8211; Capa Dura &#8211; Rosa"},"content":{"rendered":"<p>A B\u00edblias Slim NVI, Capa dura rosa, Luxo, Est\u00e1 \u00e9 uma hist\u00f3ria de amor combina os benef\u00edcios de uma B\u00edblia compacta com a qualidade Thomas Nelson Brasil. Com um design minimalista, perfeito para quem busca eleg\u00e2ncia e discri\u00e7\u00e3o, esta B\u00edblia oferece uma leitura confort\u00e1vel, facilidade no manuseio, toque macio na capa e acabamento de luxo.<\/p>\n","protected":false},"excerpt":{"rendered":"<p>A B\u00edblias Slim NVI, Capa dura rosa, Luxo, Est\u00e1 \u00e9 uma hist\u00f3ria de amor combina os benef\u00edcios de uma B\u00edblia&hellip;<\/p>\n","protected":false},"featured_media":345779,"comment_status":"open","ping_status":"closed","template":"","meta":[],"product_cat":[139,166],"product_tag":[],"_links":{"self":[{"href":"https:\/\/www.livrariarema.com.br\/loja\/wp-json\/wp\/v2\/product\/324544"}],"collection":[{"href":"https:\/\/www.livrariarema.com.br\/loja\/wp-json\/wp\/v2\/product"}],"about":[{"href":"https:\/\/www.livrariarema.com.br\/loja\/wp-json\/wp\/v2\/types\/product"}],"replies":[{"embeddable":true,"href":"https:\/\/www.livrariarema.com.br\/loja\/wp-json\/wp\/v2\/comments?post=324544"}],"wp:featuredmedia":[{"embeddable":true,"href":"https:\/\/www.livrariarema.com.br\/loja\/wp-json\/wp\/v2\/media\/345779"}],"wp:attachment":[{"href":"https:\/\/www.livrariarema.com.br\/loja\/wp-json\/wp\/v2\/media?parent=324544"}],"wp:term":[{"taxonomy":"product_cat","embeddable":true,"href":"https:\/\/www.livrariarema.com.br\/loja\/wp-json\/wp\/v2\/product_cat?post=324544"},{"taxonomy":"product_tag","embeddable":true,"href":"https:\/\/www.livrariarema.com.br\/loja\/wp-json\/wp\/v2\/product_tag?post=324544"}],"curies":[{"name":"wp","href":"https:\/\/api.w.org\/{rel}","templated":true}]}}