{"id":325053,"date":"2025-01-17T10:25:29","date_gmt":"2025-01-17T13:25:29","guid":{"rendered":"https:\/\/www.livrariarema.com.br\/loja\/produtos\/sem categoria\/saga-guardioes-dos-sonhos-livro-1-a-pedra-e-o-dragao-kathryn-butler\/"},"modified":"2026-04-25T11:30:47","modified_gmt":"2026-04-25T14:30:47","slug":"saga-guardioes-dos-sonhos-livro-1-a-pedra-e-o-dragao-kathryn-butler","status":"publish","type":"product","link":"https:\/\/www.livrariarema.com.br\/loja\/produtos\/livros\/ficcao\/saga-guardioes-dos-sonhos-livro-1-a-pedra-e-o-dragao-kathryn-butler\/","title":{"rendered":"Saga Guardi\u00f5es Dos Sonhos &#8211; Livro 1 &#8211; A Pedra E O Drag\u00e3o &#8211; Kathryn Butler"},"content":{"rendered":"<p>Quando os sonhos se tornam portais, o imposs\u00edvel se revela.<\/p>\n<p>Mesmo tendo apenas 12 anos, Lily McKinley j\u00e1 sente o peso da destrui\u00e7\u00e3o do mundo. Ela viu isso no cansa\u00e7o de sua m\u00e3e, na doen\u00e7a de sua av\u00f3 e na crueldade de Adam, o valent\u00e3o de sua escola. Mas o mais tr\u00e1gico foi que ela passou por isso h\u00e1 dois meses, quando seu pai morreu em um terr\u00edvel acidente.<\/p>\n<p>Lily tem uma imagina\u00e7\u00e3o brilhante, mas essa imagina\u00e7\u00e3o muitas vezes a coloca em apuros. Certo dia dia, sua imagina\u00e7\u00e3o a transporta para um mundo de fantasia chamado Somnium Realm, onde a hist\u00f3ria secreta de seu pai a envolve em uma jornada \u00e9pica.<\/p>\n<p>Com a ajuda de um guia drag\u00e3o chamado Cedric, Lily luta contra mortalhas malignas e outras criaturas para encontrar seu caminho, resgatar o mundo e descobrir o poder da reden\u00e7\u00e3o.<\/p>\n<p>&#8211; Est\u00e1 tudo bem, Lily. Acabou &#8211; replicou ele, apertando-a por um momento, e ela se deleitou com o abra\u00e7o. &#8211; Minha menina corajosa.<\/p>\n","protected":false},"excerpt":{"rendered":"<p>Quando os sonhos se tornam portais, o imposs\u00edvel se revela. Mesmo tendo apenas 12 anos, Lily McKinley j\u00e1 sente o&hellip;<\/p>\n","protected":false},"featured_media":344317,"comment_status":"open","ping_status":"closed","template":"","meta":[],"product_cat":[162,134],"product_tag":[],"_links":{"self":[{"href":"https:\/\/www.livrariarema.com.br\/loja\/wp-json\/wp\/v2\/product\/325053"}],"collection":[{"href":"https:\/\/www.livrariarema.com.br\/loja\/wp-json\/wp\/v2\/product"}],"about":[{"href":"https:\/\/www.livrariarema.com.br\/loja\/wp-json\/wp\/v2\/types\/product"}],"replies":[{"embeddable":true,"href":"https:\/\/www.livrariarema.com.br\/loja\/wp-json\/wp\/v2\/comments?post=325053"}],"wp:featuredmedia":[{"embeddable":true,"href":"https:\/\/www.livrariarema.com.br\/loja\/wp-json\/wp\/v2\/media\/344317"}],"wp:attachment":[{"href":"https:\/\/www.livrariarema.com.br\/loja\/wp-json\/wp\/v2\/media?parent=325053"}],"wp:term":[{"taxonomy":"product_cat","embeddable":true,"href":"https:\/\/www.livrariarema.com.br\/loja\/wp-json\/wp\/v2\/product_cat?post=325053"},{"taxonomy":"product_tag","embeddable":true,"href":"https:\/\/www.livrariarema.com.br\/loja\/wp-json\/wp\/v2\/product_tag?post=325053"}],"curies":[{"name":"wp","href":"https:\/\/api.w.org\/{rel}","templated":true}]}}

Saga Guardiões Dos Sonhos &#8211; Livro 1 &#8211; A Pedra E O Dragão &#8211; Kathryn Butler

<p>Quando os sonhos se tornam portais, o impossível se revela.</p>
<p>Mesmo tendo apenas 12 anos, Lily McKinley já sente o peso da destruição do mundo. Ela viu isso no cansaço de sua mãe, na doença de sua avó e na crueldade de Adam, o valentão de sua escola. Mas o mais trágico foi que ela passou por isso há dois meses, quando seu pai morreu em um terrível acidente.</p>
<p>Lily tem uma imaginação brilhante, mas essa imaginação muitas vezes a coloca em apuros. Certo dia dia, sua imaginação a transporta para um mundo de fantasia chamado Somnium Realm, onde a história secreta de seu pai a envolve em uma jornada épica.</p>
<p>Com a ajuda de um guia dragão chamado Cedric, Lily luta contra mortalhas malignas e outras criaturas para encontrar seu caminho, resgatar o mundo e descobrir o poder da redenção.</p>
<p>&#8211; Está tudo bem, Lily. Acabou &#8211; replicou ele, apertando-a por um momento, e ela se deleitou com o abraço. &#8211; Minha menina corajosa.</p>

<p>Quando os sonhos se tornam portais, o impossível se revela. Mesmo tendo apenas 12 anos, Lily McKinley já sente o&hellip;</p>
