{"id":327504,"date":"2025-03-07T14:51:26","date_gmt":"2025-03-07T17:51:26","guid":{"rendered":"https:\/\/www.livrariarema.com.br\/loja\/produtos\/sem%20categoria\/na81jrslim-biblia-edicao-para-estudo-e-anotacoes-ilustrada\/"},"modified":"2025-09-17T13:44:18","modified_gmt":"2025-09-17T16:44:18","slug":"na81jrslim-biblia-edicao-para-estudo-e-anotacoes-ilustrada","status":"publish","type":"product","link":"https:\/\/www.livrariarema.com.br\/loja\/produtos\/biblias\/nova-almeida-atualizada\/na81jrslim-biblia-edicao-para-estudo-e-anotacoes-ilustrada\/","title":{"rendered":"Na81jr-Slim &#8211; B\u00edblia &#8211; Edi\u00e7\u00e3o Para Estudo E Anota\u00e7\u00f5es &#8211; Ilustrada"},"content":{"rendered":"<p>A B\u00edblia \u00e9 o livro que conta a jornada do ser humano neste mundo e o seu relacionamento com o Deus Criador e Salvador. Al\u00e9m do texto b\u00edblico na Nova Almeida Atualizada (NAA), e uma s\u00e9rie de recursos para que o leitor construa a sua jornada particular com Deus.<\/p>\n","protected":false},"excerpt":{"rendered":"<p>A B\u00edblia \u00e9 o livro que conta a jornada do ser humano neste mundo e o seu relacionamento com o&hellip;<\/p>\n","protected":false},"featured_media":337116,"comment_status":"open","ping_status":"closed","template":"","meta":[],"product_cat":[139,174],"product_tag":[],"_links":{"self":[{"href":"https:\/\/www.livrariarema.com.br\/loja\/wp-json\/wp\/v2\/product\/327504"}],"collection":[{"href":"https:\/\/www.livrariarema.com.br\/loja\/wp-json\/wp\/v2\/product"}],"about":[{"href":"https:\/\/www.livrariarema.com.br\/loja\/wp-json\/wp\/v2\/types\/product"}],"replies":[{"embeddable":true,"href":"https:\/\/www.livrariarema.com.br\/loja\/wp-json\/wp\/v2\/comments?post=327504"}],"wp:featuredmedia":[{"embeddable":true,"href":"https:\/\/www.livrariarema.com.br\/loja\/wp-json\/wp\/v2\/media\/337116"}],"wp:attachment":[{"href":"https:\/\/www.livrariarema.com.br\/loja\/wp-json\/wp\/v2\/media?parent=327504"}],"wp:term":[{"taxonomy":"product_cat","embeddable":true,"href":"https:\/\/www.livrariarema.com.br\/loja\/wp-json\/wp\/v2\/product_cat?post=327504"},{"taxonomy":"product_tag","embeddable":true,"href":"https:\/\/www.livrariarema.com.br\/loja\/wp-json\/wp\/v2\/product_tag?post=327504"}],"curies":[{"name":"wp","href":"https:\/\/api.w.org\/{rel}","templated":true}]}}