{"id":328073,"date":"2025-03-12T08:58:56","date_gmt":"2025-03-12T11:58:56","guid":{"rendered":"https:\/\/www.livrariarema.com.br\/loja\/produtos\/sem categoria\/todas-as-minhas-libelulas-gabrielli-casseta\/"},"modified":"2025-10-20T15:47:40","modified_gmt":"2025-10-20T18:47:40","slug":"todas-as-minhas-libelulas-gabrielli-casseta","status":"publish","type":"product","link":"https:\/\/www.livrariarema.com.br\/loja\/produtos\/livros\/ficcao\/todas-as-minhas-libelulas-gabrielli-casseta\/","title":{"rendered":"Todas As Minhas Lib\u00e9lulas &#8211; Gabrielli Casseta"},"content":{"rendered":"<p>Todas as minhas lib\u00e9lulas \u00e9 uma hist\u00f3ria cativante de coragem e amor. Ap\u00f3s dez anos afastada de sua vila natal, Joana retorna com a miss\u00e3o de proteger o El Berith, o livro sagrado, contra ataques de monstros inimigos e de acolher os refugiados que fogem da guerra que devastou seu povo.<\/p>\n<p>Por\u00e9m, o passado de Joana volta para assombr\u00e1-la, e a chegada de um jovem misterioso \u00e0 sua vila s\u00f3 intensifica o turbilh\u00e3o de sentimentos. Dividida entre a lealdade ao pr\u00edncipe Malkiur e a atra\u00e7\u00e3o por algo novo e inesperado, ela enfrenta escolhas desafiadoras.<\/p>\n<p>No livro, somos levados a refletir sobre os sacrif\u00edcios que a vida exige e as decis\u00f5es que moldam nosso destino. \u00c9 uma leitura envolvente que tocar\u00e1 profundamente quem acredita no poder das escolhas do cora\u00e7\u00e3o.<\/p>\n<p>Clique para ler uma amostra<\/p>\n","protected":false},"excerpt":{"rendered":"<p>Todas as minhas lib\u00e9lulas \u00e9 uma hist\u00f3ria cativante de coragem e amor. Ap\u00f3s dez anos afastada de sua vila natal,&hellip;<\/p>\n","protected":false},"featured_media":339480,"comment_status":"open","ping_status":"closed","template":"","meta":[],"product_cat":[162,134],"product_tag":[],"_links":{"self":[{"href":"https:\/\/www.livrariarema.com.br\/loja\/wp-json\/wp\/v2\/product\/328073"}],"collection":[{"href":"https:\/\/www.livrariarema.com.br\/loja\/wp-json\/wp\/v2\/product"}],"about":[{"href":"https:\/\/www.livrariarema.com.br\/loja\/wp-json\/wp\/v2\/types\/product"}],"replies":[{"embeddable":true,"href":"https:\/\/www.livrariarema.com.br\/loja\/wp-json\/wp\/v2\/comments?post=328073"}],"wp:featuredmedia":[{"embeddable":true,"href":"https:\/\/www.livrariarema.com.br\/loja\/wp-json\/wp\/v2\/media\/339480"}],"wp:attachment":[{"href":"https:\/\/www.livrariarema.com.br\/loja\/wp-json\/wp\/v2\/media?parent=328073"}],"wp:term":[{"taxonomy":"product_cat","embeddable":true,"href":"https:\/\/www.livrariarema.com.br\/loja\/wp-json\/wp\/v2\/product_cat?post=328073"},{"taxonomy":"product_tag","embeddable":true,"href":"https:\/\/www.livrariarema.com.br\/loja\/wp-json\/wp\/v2\/product_tag?post=328073"}],"curies":[{"name":"wp","href":"https:\/\/api.w.org\/{rel}","templated":true}]}}