{"id":328099,"date":"2025-03-12T09:01:29","date_gmt":"2025-03-12T12:01:29","guid":{"rendered":"https:\/\/www.livrariarema.com.br\/loja\/produtos\/sem%20categoria\/paizao-por-israel-andre-daniel-reinke\/"},"modified":"2025-08-29T14:21:12","modified_gmt":"2025-08-29T17:21:12","slug":"paizao-por-israel-andre-daniel-reinke","status":"publish","type":"product","link":"https:\/\/www.livrariarema.com.br\/loja\/produtos\/livros\/atualidades\/paizao-por-israel-andre-daniel-reinke\/","title":{"rendered":"Paix\u00e3o Por Israel &#8211; Andr\u00e9 Daniel Reinke"},"content":{"rendered":"<p>Por que os evang\u00e9licos s\u00e3o apaixonados por Israel?<br \/>\nNos \u00faltimos 150 anos, o protestantismo tem demonstrado uma evidente aproxima\u00e7\u00e3o com os judeus e com Israel. No Brasil, essa rela\u00e7\u00e3o vai al\u00e9m de uma simples afinidade: trata-se de uma verdadeira paix\u00e3o, manifestada de diversas formas. Isso inclui o uso de s\u00edmbolos e festas judaicas nas igrejas, a especula\u00e7\u00e3o escatol\u00f3gica constante em not\u00edcias sobre Israel, o aumento das viagens religiosas \u00e0 Terra Santa e o apoio incondicional ao Estado Judaico. Enfim, tudo o que vem de Israel parece despertar um entusiasmo singular em boa parte dos evang\u00e9licos.<br \/>\nMas quais s\u00e3o as raz\u00f5es por tr\u00e1s dessa paix\u00e3o?<br \/>\nAndr\u00e9 Daniel Reinke explora as raz\u00f5es teol\u00f3gicas desse fen\u00f4meno, conectando a teologia com a hist\u00f3ria e a sociologia a fim de revelar sua complexidade e ambiguidade. Sem adotar uma posi\u00e7\u00e3o partid\u00e1ria, o autor busca compreender e esclarecer o tema, com o objetivo de criar pontes de di\u00e1logo entre evang\u00e9licos, judeus e a sociedade brasileira.<br \/>\nEsta obra \u00e9 fundamental para que o leitor compreenda a complexa rela\u00e7\u00e3o dos evang\u00e9licos com os judeus, o juda\u00edsmo e Israel, bem como seu impacto no di\u00e1logo religioso e pol\u00edtico no Brasil.<\/p>\n","protected":false},"excerpt":{"rendered":"<p>Por que os evang\u00e9licos s\u00e3o apaixonados por Israel? Nos \u00faltimos 150 anos, o protestantismo tem demonstrado uma evidente aproxima\u00e7\u00e3o com&hellip;<\/p>\n","protected":false},"featured_media":336084,"comment_status":"open","ping_status":"closed","template":"","meta":[],"product_cat":[191,134],"product_tag":[],"_links":{"self":[{"href":"https:\/\/www.livrariarema.com.br\/loja\/wp-json\/wp\/v2\/product\/328099"}],"collection":[{"href":"https:\/\/www.livrariarema.com.br\/loja\/wp-json\/wp\/v2\/product"}],"about":[{"href":"https:\/\/www.livrariarema.com.br\/loja\/wp-json\/wp\/v2\/types\/product"}],"replies":[{"embeddable":true,"href":"https:\/\/www.livrariarema.com.br\/loja\/wp-json\/wp\/v2\/comments?post=328099"}],"wp:featuredmedia":[{"embeddable":true,"href":"https:\/\/www.livrariarema.com.br\/loja\/wp-json\/wp\/v2\/media\/336084"}],"wp:attachment":[{"href":"https:\/\/www.livrariarema.com.br\/loja\/wp-json\/wp\/v2\/media?parent=328099"}],"wp:term":[{"taxonomy":"product_cat","embeddable":true,"href":"https:\/\/www.livrariarema.com.br\/loja\/wp-json\/wp\/v2\/product_cat?post=328099"},{"taxonomy":"product_tag","embeddable":true,"href":"https:\/\/www.livrariarema.com.br\/loja\/wp-json\/wp\/v2\/product_tag?post=328099"}],"curies":[{"name":"wp","href":"https:\/\/api.w.org\/{rel}","templated":true}]}}

Paixão Por Israel &#8211; André Daniel Reinke

<p>Por que os evangélicos são apaixonados por Israel?<br />
Nos últimos 150 anos, o protestantismo tem demonstrado uma evidente aproximação com os judeus e com Israel. No Brasil, essa relação vai além de uma simples afinidade: trata-se de uma verdadeira paixão, manifestada de diversas formas. Isso inclui o uso de símbolos e festas judaicas nas igrejas, a especulação escatológica constante em notícias sobre Israel, o aumento das viagens religiosas à Terra Santa e o apoio incondicional ao Estado Judaico. Enfim, tudo o que vem de Israel parece despertar um entusiasmo singular em boa parte dos evangélicos.<br />
Mas quais são as razões por trás dessa paixão?<br />
André Daniel Reinke explora as razões teológicas desse fenômeno, conectando a teologia com a história e a sociologia a fim de revelar sua complexidade e ambiguidade. Sem adotar uma posição partidária, o autor busca compreender e esclarecer o tema, com o objetivo de criar pontes de diálogo entre evangélicos, judeus e a sociedade brasileira.<br />
Esta obra é fundamental para que o leitor compreenda a complexa relação dos evangélicos com os judeus, o judaísmo e Israel, bem como seu impacto no diálogo religioso e político no Brasil.</p>

<p>Por que os evangélicos são apaixonados por Israel? Nos últimos 150 anos, o protestantismo tem demonstrado uma evidente aproximação com&hellip;</p>
