{"id":328376,"date":"2025-03-13T16:50:02","date_gmt":"2025-03-13T19:50:02","guid":{"rendered":"https:\/\/www.livrariarema.com.br\/loja\/produtos\/sem%20categoria\/e-tempo-de-florescer-quezia-cadimo-fernandes\/"},"modified":"2026-01-21T11:40:51","modified_gmt":"2026-01-21T14:40:51","slug":"e-tempo-de-florescer-quezia-cadimo-fernandes","status":"publish","type":"product","link":"https:\/\/www.livrariarema.com.br\/loja\/produtos\/livros\/mulher\/e-tempo-de-florescer-quezia-cadimo-fernandes\/","title":{"rendered":"\u00c9 Tempo De Florescer &#8211; Qu\u00e9zia C\u00e1dimo Fernandes"},"content":{"rendered":"<p>&#8220;TODA PROMESSA J\u00c1 FOI UMA SEMENTE!&#8221; Voc\u00ea j\u00e1 questionou o motivo de passar por diversas dificuldades? Muitas vezes, enfrentamos tempos de seca, de frio e escassez ou de grandes tempestades. Mas Deus nos ensina, por meio de sua cria\u00e7\u00e3o, que h\u00e1 um tempo certo para cada prop\u00f3sito, portanto, na vida de cada uma de n\u00f3s, chegar\u00e1 a primavera, a hora de colher o que semeamos em l\u00e1grimas na presen\u00e7a do Senhor. Para isso, voc\u00ea precisa firmar-se em Cristo e deixar que ele desenvolva suas ra\u00edzes. Este livro vai lhe mostrar que \u00e9 tempo de florescer, a sua hora chegou e voc\u00ea precisa descobrir essa verdade.<\/p>\n","protected":false},"excerpt":{"rendered":"<p>&#8220;TODA PROMESSA J\u00c1 FOI UMA SEMENTE!&#8221; Voc\u00ea j\u00e1 questionou o motivo de passar por diversas dificuldades? Muitas vezes, enfrentamos tempos&hellip;<\/p>\n","protected":false},"featured_media":342595,"comment_status":"open","ping_status":"closed","template":"","meta":[],"product_cat":[134,170],"product_tag":[],"_links":{"self":[{"href":"https:\/\/www.livrariarema.com.br\/loja\/wp-json\/wp\/v2\/product\/328376"}],"collection":[{"href":"https:\/\/www.livrariarema.com.br\/loja\/wp-json\/wp\/v2\/product"}],"about":[{"href":"https:\/\/www.livrariarema.com.br\/loja\/wp-json\/wp\/v2\/types\/product"}],"replies":[{"embeddable":true,"href":"https:\/\/www.livrariarema.com.br\/loja\/wp-json\/wp\/v2\/comments?post=328376"}],"wp:featuredmedia":[{"embeddable":true,"href":"https:\/\/www.livrariarema.com.br\/loja\/wp-json\/wp\/v2\/media\/342595"}],"wp:attachment":[{"href":"https:\/\/www.livrariarema.com.br\/loja\/wp-json\/wp\/v2\/media?parent=328376"}],"wp:term":[{"taxonomy":"product_cat","embeddable":true,"href":"https:\/\/www.livrariarema.com.br\/loja\/wp-json\/wp\/v2\/product_cat?post=328376"},{"taxonomy":"product_tag","embeddable":true,"href":"https:\/\/www.livrariarema.com.br\/loja\/wp-json\/wp\/v2\/product_tag?post=328376"}],"curies":[{"name":"wp","href":"https:\/\/api.w.org\/{rel}","templated":true}]}}