{"id":328383,"date":"2025-03-13T16:50:39","date_gmt":"2025-03-13T19:50:39","guid":{"rendered":"https:\/\/www.livrariarema.com.br\/loja\/produtos\/sem categoria\/um-minuto-recupere-a-criatividade-conquiste-negocios-e-entregue-o-melhor-trabalho-juliet-funt\/"},"modified":"2025-05-16T14:40:41","modified_gmt":"2025-05-16T17:40:41","slug":"um-minuto-recupere-a-criatividade-conquiste-negocios-e-entregue-o-melhor-trabalho-juliet-funt","status":"publish","type":"product","link":"https:\/\/www.livrariarema.com.br\/loja\/produtos\/livros\/lideranca\/um-minuto-recupere-a-criatividade-conquiste-negocios-e-entregue-o-melhor-trabalho-juliet-funt\/","title":{"rendered":"Um Minuto &#8211; Recupere A Criatividade, Conquiste Neg\u00f3cios E Entregue O Melhor Trabalho &#8211; Juliet Funt"},"content":{"rendered":"<p>Em Um minuto, Juliet Funt, uma guerreira mundialmente reconhecida na batalha contra o excesso de tarefas, fornece um guia poderoso com permiss\u00e3o, estrutura e orienta\u00e7\u00e3o espec\u00edfica para:<br \/>\nRecuperar o controle do seu dia de trabalho sobrecarregado, cafeinado e cheio de mensagens na caixa de entrada.<br \/>\nLiberar voc\u00ea e sua equipe do esgotamento e do trabalho intenso.<br \/>\nRecuperar a criatividade e o foco, apesar do caos ao seu redor.<br \/>\nProjetar suas pr\u00f3ximas normas de trabalho.<br \/>\nDominar a besta do e-mail e fugir do atoleiro de reuni\u00f5es.<br \/>\nEncontrar o seu minuto precioso para pensar.<br \/>\nN\u00e3o \u00e9 somente voc\u00ea que deseja liberdade para pensar! Todos estamos sempre ?apagando inc\u00eandios? e somente com a ins\u00f4nia que surge \u00e0s 3h da manh\u00e3, temos um momento para pensar. Precisamos reinserir na nossa vida o elemento que falta, o espa\u00e7o em branco ? curtos per\u00edodos de tempo aberto e n\u00e3o programado que, quando recapturados, mudam a pr\u00f3pria natureza do trabalho. Esse tempo \u00e9 a pausa estrat\u00e9gica que tem o poder de radicalmente ? e simplesmente ? reinventar a forma de tratarmos o trabalho neste mundo de esgotamento do s\u00e9culo XXI.<\/p>\n","protected":false},"excerpt":{"rendered":"<p>Em Um minuto, Juliet Funt, uma guerreira mundialmente reconhecida na batalha contra o excesso de tarefas, fornece um guia poderoso&hellip;<\/p>\n","protected":false},"featured_media":328523,"comment_status":"open","ping_status":"closed","template":"","meta":[],"product_cat":[153,134],"product_tag":[],"_links":{"self":[{"href":"https:\/\/www.livrariarema.com.br\/loja\/wp-json\/wp\/v2\/product\/328383"}],"collection":[{"href":"https:\/\/www.livrariarema.com.br\/loja\/wp-json\/wp\/v2\/product"}],"about":[{"href":"https:\/\/www.livrariarema.com.br\/loja\/wp-json\/wp\/v2\/types\/product"}],"replies":[{"embeddable":true,"href":"https:\/\/www.livrariarema.com.br\/loja\/wp-json\/wp\/v2\/comments?post=328383"}],"wp:featuredmedia":[{"embeddable":true,"href":"https:\/\/www.livrariarema.com.br\/loja\/wp-json\/wp\/v2\/media\/328523"}],"wp:attachment":[{"href":"https:\/\/www.livrariarema.com.br\/loja\/wp-json\/wp\/v2\/media?parent=328383"}],"wp:term":[{"taxonomy":"product_cat","embeddable":true,"href":"https:\/\/www.livrariarema.com.br\/loja\/wp-json\/wp\/v2\/product_cat?post=328383"},{"taxonomy":"product_tag","embeddable":true,"href":"https:\/\/www.livrariarema.com.br\/loja\/wp-json\/wp\/v2\/product_tag?post=328383"}],"curies":[{"name":"wp","href":"https:\/\/api.w.org\/{rel}","templated":true}]}}