{"id":328717,"date":"2025-03-23T13:15:36","date_gmt":"2025-03-23T16:15:36","guid":{"rendered":"https:\/\/www.livrariarema.com.br\/loja\/produtos\/sem%20categoria\/catecismo-nova-cidade-devocional-2a-edicao-collin-hansen-e-timothy-keller\/"},"modified":"2026-03-16T13:29:02","modified_gmt":"2026-03-16T16:29:02","slug":"catecismo-nova-cidade-devocional-2a-edicao-collin-hansen-e-timothy-keller","status":"publish","type":"product","link":"https:\/\/www.livrariarema.com.br\/loja\/produtos\/livros\/devocional\/catecismo-nova-cidade-devocional-2a-edicao-collin-hansen-e-timothy-keller\/","title":{"rendered":"Catecismo Nova Cidade &#8211; Devocional (2A. Edi\u00e7\u00e3o) &#8211; Collin Hansen E Timothy Keller"},"content":{"rendered":"<p>Perguntas e respostas sobre doutrinas b\u00e1sicas da B\u00edblia.<Br><br \/>\n<Br><br \/>\nNos s\u00e9culos passados, a igreja crist\u00e3 usou o catecismo para ensinar doutrinas fundamentais da B\u00edblia. Em nossa \u00e9poca de incertezas, a pr\u00e1tica da catequese para o ensino da verdade b\u00edblica atrav\u00e9s de perguntas e respostas \u00e9 algo mais necess\u00e1rio do que nunca antes.<Br><br \/>\n<Br><br \/>\nBuscando recuperar esta pr\u00e1tica antiga e eficiente de ensino para a vida comum da igreja, o &#8220;Catecismo Nova Cidade&#8221; \u00e9 um recurso atual, centrado no evangelho, que apresenta doutrinas importantes do cristianismo atrav\u00e9s de 52 perguntas e respostas e tamb\u00e9m oferece um devocional que ajuda o leitor a ser transformado por essas doutrinas.<Br><br \/>\n<Br><br \/>\nCada pergunta \u00e9 seguida de uma leitura b\u00edblica relevante, uma breve ora\u00e7\u00e3o e um coment\u00e1rio devocional escrito por pastores de nossos dias, como John Piper, Tim Keller, Kevin DeYoung, al\u00e9m de textos de personagens hist\u00f3ricos, como Agostinho, Jo\u00e3o Calvino, Martinho Lutero e muitos outros.<Br><br \/>\n<Br><br \/>\nDesignado para uso em v\u00e1rios contextos, o &#8220;Devocional do Catecismo da Nova Cidade&#8221; \u00e9 um recurso muito \u00fatil para ajudar os crist\u00e3os a meditarem em doutrinas que est\u00e3o no cerne da f\u00e9 crist\u00e3.<Br><br \/>\n<Br><br \/>\n&#8220;Este \u00e9, talvez, o recurso mais conciso e acess\u00edvel que eu j\u00e1 li. As quest\u00f5es s\u00e3o relevantes em qualquer cultura, a linguagem \u00e9 f\u00e1cil e acess\u00edvel e o brilho do evangelho irradia a cada p\u00e1gina.&#8221;<Br><br \/>\nGloria Furman autora de &#8220;Minist\u00e9rio de Mulheres&#8221; (Fiel) e &#8220;Vislumbres da Gra\u00e7a&#8221; (Fiel), entre outros<Br><br \/>\n<Br><br \/>\n&#8220;O Devocional do Catecismo Nova Cidade me deixa emocionado. Esta ferramenta de ensino \u00e9 mais que interessante; \u00e9 fenomenal. Por que? Por tornar verdades gloriosas da teologia acess\u00edvel para todos. \u00c9 umpasso significativo na dire\u00e7\u00e3o do evangelho, em nosso pr\u00f3prio tempo.&#8221;<Br><br \/>\nRay Ortlund pastor da Igreja Immanuel em Nashville, TN, EUA<Br><br \/>\n<Br><br \/>\n&#8220;Harmonizando a sabedoria de vozes do passado e de nossos dias, este catecismo nos convida a internalizar metodicamente as categorias interessante; \u00e9 fenomenal. pelas quais entendemos a nossa f\u00e9, para darmos eco \u00e0s boas novas a uma nova gera\u00e7\u00e3o de crentes.&#8221;<Br><br \/>\nJen Wilkin autora de &#8220;Incompar\u00e1vel&#8221;<Br><\/p>\n","protected":false},"excerpt":{"rendered":"<p>Perguntas e respostas sobre doutrinas b\u00e1sicas da B\u00edblia. Nos s\u00e9culos passados, a igreja crist\u00e3 usou o catecismo para ensinar doutrinas&hellip;<\/p>\n","protected":false},"featured_media":346304,"comment_status":"open","ping_status":"closed","template":"","meta":[],"product_cat":[158,134],"product_tag":[],"_links":{"self":[{"href":"https:\/\/www.livrariarema.com.br\/loja\/wp-json\/wp\/v2\/product\/328717"}],"collection":[{"href":"https:\/\/www.livrariarema.com.br\/loja\/wp-json\/wp\/v2\/product"}],"about":[{"href":"https:\/\/www.livrariarema.com.br\/loja\/wp-json\/wp\/v2\/types\/product"}],"replies":[{"embeddable":true,"href":"https:\/\/www.livrariarema.com.br\/loja\/wp-json\/wp\/v2\/comments?post=328717"}],"wp:featuredmedia":[{"embeddable":true,"href":"https:\/\/www.livrariarema.com.br\/loja\/wp-json\/wp\/v2\/media\/346304"}],"wp:attachment":[{"href":"https:\/\/www.livrariarema.com.br\/loja\/wp-json\/wp\/v2\/media?parent=328717"}],"wp:term":[{"taxonomy":"product_cat","embeddable":true,"href":"https:\/\/www.livrariarema.com.br\/loja\/wp-json\/wp\/v2\/product_cat?post=328717"},{"taxonomy":"product_tag","embeddable":true,"href":"https:\/\/www.livrariarema.com.br\/loja\/wp-json\/wp\/v2\/product_tag?post=328717"}],"curies":[{"name":"wp","href":"https:\/\/api.w.org\/{rel}","templated":true}]}}